{"id":274,"date":"2025-04-13T18:04:50","date_gmt":"2025-04-13T16:04:50","guid":{"rendered":"https:\/\/wocadlo.de\/fw\/?post_type=product&#038;p=274"},"modified":"2025-08-17T11:35:50","modified_gmt":"2025-08-17T09:35:50","slug":"kommoden","status":"publish","type":"product","link":"https:\/\/wocadlo.de\/fw\/produkt\/kommoden\/","title":{"rendered":"Dreisch\u00fcbige Louis-seize Kommode 1770, Korpus mit Intarsierten in Zwetschge und Ahorn auf Eiche"},"content":{"rendered":"<div class=\"@thread-xl\/thread:pt-header-height mt-1.5 flex flex-col text-sm\">\n<article class=\"text-token-text-primary w-full\" dir=\"auto\" data-testid=\"conversation-turn-50\" data-scroll-anchor=\"false\">\n<div class=\"text-base my-auto mx-auto py-5 [--thread-content-margin:--spacing(4)] @[37rem]:[--thread-content-margin:--spacing(6)] @[70rem]:[--thread-content-margin:--spacing(12)] px-(--thread-content-margin)\">\n<div class=\"[--thread-content-max-width:32rem] @[34rem]:[--thread-content-max-width:40rem] @[64rem]:[--thread-content-max-width:48rem] mx-auto flex max-w-(--thread-content-max-width) flex-1 text-base gap-4 md:gap-5 lg:gap-6 group\/turn-messages focus-visible:outline-hidden\" tabindex=\"-1\">\n<div class=\"group\/conversation-turn relative flex w-full min-w-0 flex-col agent-turn\">\n<div class=\"relative flex-col gap-1 md:gap-3\">\n<div class=\"flex max-w-full flex-col grow\">\n<div class=\"min-h-8 text-message relative flex w-full flex-col items-end gap-2 text-start break-words whitespace-normal [.text-message+&amp;]:mt-5\" dir=\"auto\" data-message-author-role=\"assistant\" data-message-id=\"0468ef9e-2aa9-4be1-8601-93b1351cb282\" data-message-model-slug=\"gpt-4o\">\n<div class=\"flex w-full flex-col gap-1 empty:hidden first:pt-[3px]\">\n<div class=\"markdown prose dark:prose-invert w-full break-words light\">\n<p class=\"\" data-start=\"0\" data-end=\"195\">Die Kommode ist ein ausgesprochen sch\u00f6nes St\u00fcck mit deutlichen Merkmalen des Louis-seize-Stils.<\/p>\n<hr class=\"\" data-start=\"197\" data-end=\"200\" \/>\n<h3 class=\"\" data-start=\"202\" data-end=\"262\"><strong data-start=\"209\" data-end=\"262\">Dreisch\u00fcbige Louis-seize-Kommode, um 1770<\/strong><\/h3>\n<p class=\"\" data-start=\"264\" data-end=\"362\"><strong data-start=\"264\" data-end=\"284\">Herkunft \/ Stil: <\/strong>Frankreich oder s\u00fcddeutscher Raum, um 1770<br data-start=\"329\" data-end=\"332\" \/>Louis-seize \/ Fr\u00fchklassizismus<\/p>\n<p class=\"\" data-start=\"364\" data-end=\"689\"><strong data-start=\"364\" data-end=\"381\">Beschreibung:<\/strong><br data-start=\"381\" data-end=\"384\" \/>Diese dreisch\u00fcbige Kommode ist ein qualit\u00e4tvoll gearbeitetes M\u00f6belst\u00fcck aus der Zeit des Louis-seize. Der Korpus ist in Eiche gefertigt, die Fronten und Seiten zeigen feine, geometrische Intarsienarbeiten in unterschiedlichen Holzarten, typisch f\u00fcr den klassizistischen Stil. Besonders hervorzuheben sind:<\/p>\n<ul data-start=\"691\" data-end=\"1241\">\n<li class=\"\" data-start=\"691\" data-end=\"769\">\n<p class=\"\" data-start=\"693\" data-end=\"769\"><strong data-start=\"693\" data-end=\"742\">Kassettenf\u00f6rmig gegliederte Schubladenfronten<\/strong> mit eingelegtem Bandelwerk<\/p>\n<\/li>\n<li class=\"\" data-start=\"770\" data-end=\"865\">\n<p class=\"\" data-start=\"772\" data-end=\"865\"><strong data-start=\"772\" data-end=\"809\">Ovale, originale Messingbeschl\u00e4ge<\/strong> mit gerilltem Zierring und zentralem Wappenschild-Motiv<\/p>\n<\/li>\n<li class=\"\" data-start=\"866\" data-end=\"998\">\n<p class=\"\" data-start=\"868\" data-end=\"998\"><strong data-start=\"868\" data-end=\"901\">Seitlich intarsierte Pilaster<\/strong> mit betonten vertikalen Elementen und Stern-Motiven, die eine architektonische Struktur erzeugen<\/p>\n<\/li>\n<li class=\"\" data-start=\"999\" data-end=\"1047\">\n<p class=\"\" data-start=\"1001\" data-end=\"1047\"><strong data-start=\"1001\" data-end=\"1023\">Originales Schloss<\/strong> mit passendem Schl\u00fcssel<\/p>\n<\/li>\n<li class=\"\" data-start=\"1048\" data-end=\"1119\">\n<p class=\"\" data-start=\"1050\" data-end=\"1119\"><strong data-start=\"1050\" data-end=\"1086\">Originale oder stiltypische F\u00fc\u00dfe<\/strong>, leicht konisch und profilbetont<\/p>\n<\/li>\n<li class=\"\" data-start=\"1120\" data-end=\"1241\">\n<p class=\"\" data-start=\"1122\" data-end=\"1241\"><strong data-start=\"1122\" data-end=\"1179\">Provenienz wahrscheinlich s\u00fcddeutsch oder franz\u00f6sisch<\/strong>, was durch Formensprache und Intarsientechnik nahegelegt wird<\/p>\n<\/li>\n<\/ul>\n<p class=\"\" data-start=\"1243\" data-end=\"1563\"><strong data-start=\"1243\" data-end=\"1255\">Zustand:<\/strong><br data-start=\"1255\" data-end=\"1258\" \/>Sehr guter Erhaltungszustand. Altersbedingte Gebrauchsspuren sind sichtbar, aber authentisch und unterstreichen den historischen Charakter. Die Intarsien sind vollst\u00e4ndig erhalten, das Furnier ist fest, die Kommode ist stabil und funktionsf\u00e4hig. Die Beschl\u00e4ge erscheinen original oder stilgerecht ersetzt.<\/p>\n<\/div>\n<\/div>\n<\/div>\n<\/div>\n<\/div>\n<\/div>\n<\/div>\n<\/div>\n<\/article>\n<\/div>\n","protected":false},"excerpt":{"rendered":"<p>Dreisch\u00fcbige Barock Kommode<\/p>\n","protected":false},"featured_media":577,"comment_status":"open","ping_status":"closed","template":"","meta":[],"product_brand":[],"product_cat":[16],"product_tag":[],"class_list":["post-274","product","type-product","status-publish","has-post-thumbnail","product_cat-kommoden","first","instock","sale","shipping-taxable","purchasable","product-type-simple"],"jetpack_sharing_enabled":true,"_links":{"self":[{"href":"https:\/\/wocadlo.de\/fw\/wp-json\/wp\/v2\/product\/274","targetHints":{"allow":["GET"]}}],"collection":[{"href":"https:\/\/wocadlo.de\/fw\/wp-json\/wp\/v2\/product"}],"about":[{"href":"https:\/\/wocadlo.de\/fw\/wp-json\/wp\/v2\/types\/product"}],"replies":[{"embeddable":true,"href":"https:\/\/wocadlo.de\/fw\/wp-json\/wp\/v2\/comments?post=274"}],"wp:featuredmedia":[{"embeddable":true,"href":"https:\/\/wocadlo.de\/fw\/wp-json\/wp\/v2\/media\/577"}],"wp:attachment":[{"href":"https:\/\/wocadlo.de\/fw\/wp-json\/wp\/v2\/media?parent=274"}],"wp:term":[{"taxonomy":"product_brand","embeddable":true,"href":"https:\/\/wocadlo.de\/fw\/wp-json\/wp\/v2\/product_brand?post=274"},{"taxonomy":"product_cat","embeddable":true,"href":"https:\/\/wocadlo.de\/fw\/wp-json\/wp\/v2\/product_cat?post=274"},{"taxonomy":"product_tag","embeddable":true,"href":"https:\/\/wocadlo.de\/fw\/wp-json\/wp\/v2\/product_tag?post=274"}],"curies":[{"name":"wp","href":"https:\/\/api.w.org\/{rel}","templated":true}]}}

Dreischübige Louis-seize Kommode 1770, Korpus mit Intarsierten in Zwetschge und Ahorn auf Eiche

<div class="@thread-xl/thread:pt-header-height mt-1.5 flex flex-col text-sm">
<article class="text-token-text-primary w-full" dir="auto" data-testid="conversation-turn-50" data-scroll-anchor="false">
<div class="text-base my-auto mx-auto py-5 [--thread-content-margin:--spacing(4)] @[37rem]:[--thread-content-margin:--spacing(6)] @[70rem]:[--thread-content-margin:--spacing(12)] px-(--thread-content-margin)">
<div class="[--thread-content-max-width:32rem] @[34rem]:[--thread-content-max-width:40rem] @[64rem]:[--thread-content-max-width:48rem] mx-auto flex max-w-(--thread-content-max-width) flex-1 text-base gap-4 md:gap-5 lg:gap-6 group/turn-messages focus-visible:outline-hidden" tabindex="-1">
<div class="group/conversation-turn relative flex w-full min-w-0 flex-col agent-turn">
<div class="relative flex-col gap-1 md:gap-3">
<div class="flex max-w-full flex-col grow">
<div class="min-h-8 text-message relative flex w-full flex-col items-end gap-2 text-start break-words whitespace-normal [.text-message+&amp;]:mt-5" dir="auto" data-message-author-role="assistant" data-message-id="0468ef9e-2aa9-4be1-8601-93b1351cb282" data-message-model-slug="gpt-4o">
<div class="flex w-full flex-col gap-1 empty:hidden first:pt-[3px]">
<div class="markdown prose dark:prose-invert w-full break-words light">
<p class="" data-start="0" data-end="195">Die Kommode ist ein ausgesprochen schönes Stück mit deutlichen Merkmalen des Louis-seize-Stils.</p>
<hr class="" data-start="197" data-end="200" />
<h3 class="" data-start="202" data-end="262"><strong data-start="209" data-end="262">Dreischübige Louis-seize-Kommode, um 1770</strong></h3>
<p class="" data-start="264" data-end="362"><strong data-start="264" data-end="284">Herkunft / Stil: </strong>Frankreich oder süddeutscher Raum, um 1770<br data-start="329" data-end="332" />Louis-seize / Frühklassizismus</p>
<p class="" data-start="364" data-end="689"><strong data-start="364" data-end="381">Beschreibung:</strong><br data-start="381" data-end="384" />Diese dreischübige Kommode ist ein qualitätvoll gearbeitetes Möbelstück aus der Zeit des Louis-seize. Der Korpus ist in Eiche gefertigt, die Fronten und Seiten zeigen feine, geometrische Intarsienarbeiten in unterschiedlichen Holzarten, typisch für den klassizistischen Stil. Besonders hervorzuheben sind:</p>
<ul data-start="691" data-end="1241">
<li class="" data-start="691" data-end="769">
<p class="" data-start="693" data-end="769"><strong data-start="693" data-end="742">Kassettenförmig gegliederte Schubladenfronten</strong> mit eingelegtem Bandelwerk</p>
</li>
<li class="" data-start="770" data-end="865">
<p class="" data-start="772" data-end="865"><strong data-start="772" data-end="809">Ovale, originale Messingbeschläge</strong> mit gerilltem Zierring und zentralem Wappenschild-Motiv</p>
</li>
<li class="" data-start="866" data-end="998">
<p class="" data-start="868" data-end="998"><strong data-start="868" data-end="901">Seitlich intarsierte Pilaster</strong> mit betonten vertikalen Elementen und Stern-Motiven, die eine architektonische Struktur erzeugen</p>
</li>
<li class="" data-start="999" data-end="1047">
<p class="" data-start="1001" data-end="1047"><strong data-start="1001" data-end="1023">Originales Schloss</strong> mit passendem Schlüssel</p>
</li>
<li class="" data-start="1048" data-end="1119">
<p class="" data-start="1050" data-end="1119"><strong data-start="1050" data-end="1086">Originale oder stiltypische Füße</strong>, leicht konisch und profilbetont</p>
</li>
<li class="" data-start="1120" data-end="1241">
<p class="" data-start="1122" data-end="1241"><strong data-start="1122" data-end="1179">Provenienz wahrscheinlich süddeutsch oder französisch</strong>, was durch Formensprache und Intarsientechnik nahegelegt wird</p>
</li>
</ul>
<p class="" data-start="1243" data-end="1563"><strong data-start="1243" data-end="1255">Zustand:</strong><br data-start="1255" data-end="1258" />Sehr guter Erhaltungszustand. Altersbedingte Gebrauchsspuren sind sichtbar, aber authentisch und unterstreichen den historischen Charakter. Die Intarsien sind vollständig erhalten, das Furnier ist fest, die Kommode ist stabil und funktionsfähig. Die Beschläge erscheinen original oder stilgerecht ersetzt.</p>
</div>
</div>
</div>
</div>
</div>
</div>
</div>
</div>
</article>
</div>

<p>Dreischübige Barock Kommode</p>
