{"id":280,"date":"2025-04-14T13:09:22","date_gmt":"2025-04-14T11:09:22","guid":{"rendered":"https:\/\/wocadlo.de\/fw\/?post_type=product&#038;p=280"},"modified":"2025-08-17T12:01:02","modified_gmt":"2025-08-17T10:01:02","slug":"kommode02","status":"publish","type":"product","link":"https:\/\/wocadlo.de\/fw\/produkt\/kommode02\/","title":{"rendered":"Barock-Kommode mit geschweifter Front, um 1760"},"content":{"rendered":"<div class=\"@thread-xl\/thread:pt-header-height mt-1.5 flex flex-col text-sm\">\n<article class=\"text-token-text-primary w-full\" dir=\"auto\" data-testid=\"conversation-turn-10\" data-scroll-anchor=\"false\">\n<div class=\"text-base my-auto mx-auto py-5 [--thread-content-margin:--spacing(4)] @[37rem]:[--thread-content-margin:--spacing(6)] @[70rem]:[--thread-content-margin:--spacing(12)] px-(--thread-content-margin)\">\n<div class=\"[--thread-content-max-width:32rem] @[34rem]:[--thread-content-max-width:40rem] @[64rem]:[--thread-content-max-width:48rem] mx-auto flex max-w-(--thread-content-max-width) flex-1 text-base gap-4 md:gap-5 lg:gap-6 group\/turn-messages focus-visible:outline-hidden\" tabindex=\"-1\">\n<div class=\"group\/conversation-turn relative flex w-full min-w-0 flex-col agent-turn\">\n<div class=\"relative flex-col gap-1 md:gap-3\">\n<div class=\"flex max-w-full flex-col grow\">\n<div class=\"min-h-8 text-message relative flex w-full flex-col items-end gap-2 text-start break-words whitespace-normal [.text-message+&amp;]:mt-5\" dir=\"auto\" data-message-author-role=\"assistant\" data-message-id=\"773342f2-2a08-4eb5-98b7-6e5b12b977a8\" data-message-model-slug=\"gpt-4o\">\n<div class=\"flex w-full flex-col gap-1 empty:hidden first:pt-[3px]\">\n<div class=\"markdown prose dark:prose-invert w-full break-words light\">\n<h3 class=\"\" data-start=\"178\" data-end=\"232\"><strong data-start=\"182\" data-end=\"232\">Barock-Kommode mit geschweifter Front, um 1760<\/strong><\/h3>\n<p class=\"\" data-start=\"253\" data-end=\"650\">Diese prachtvolle dreisch\u00fcbige Barock-Kommode stammt vermutlich aus dem s\u00fcd- oder mitteldeutschen Raum und datiert auf etwa 1760. Sie \u00fcberzeugt durch ihre elegante, geschweifte Front und Seiten, die flie\u00dfend in die geschwungene Sockelzone und die hohen F\u00fc\u00dfe \u00fcbergehen. Die Kommode besteht aus massivem Eichenholz, das sorgf\u00e4ltig gewachst wurde und dadurch eine warme, seidige Oberfl\u00e4che aufweist.<\/p>\n<p class=\"\" data-start=\"652\" data-end=\"791\">Die lebhafte Maserung des Holzes und die harmonische Formgebung machen das M\u00f6belst\u00fcck zu einem ausdrucksstarken Zeugnis der Sp\u00e4tbarockzeit.<\/p>\n<p class=\"\" data-start=\"793\" data-end=\"805\"><strong data-start=\"793\" data-end=\"805\">Details:<\/strong><\/p>\n<ul data-start=\"807\" data-end=\"1249\">\n<li class=\"\" data-start=\"807\" data-end=\"839\">\n<p class=\"\" data-start=\"809\" data-end=\"839\"><strong data-start=\"809\" data-end=\"820\">Epoche:<\/strong> Barock, ca. 1760<\/p>\n<\/li>\n<li class=\"\" data-start=\"840\" data-end=\"880\">\n<p class=\"\" data-start=\"842\" data-end=\"880\"><strong data-start=\"842\" data-end=\"855\">Herkunft:<\/strong> S\u00fcd-\/Mitteldeutschland<\/p>\n<\/li>\n<li class=\"\" data-start=\"881\" data-end=\"912\">\n<p class=\"\" data-start=\"883\" data-end=\"912\"><strong data-start=\"883\" data-end=\"896\">Material:<\/strong> Massive Eiche<\/p>\n<\/li>\n<li class=\"\" data-start=\"913\" data-end=\"941\">\n<p class=\"\" data-start=\"915\" data-end=\"941\"><strong data-start=\"915\" data-end=\"930\">Oberfl\u00e4che:<\/strong> Gewachst<\/p>\n<\/li>\n<li class=\"\" data-start=\"942\" data-end=\"1146\">\n<p class=\"\" data-start=\"944\" data-end=\"961\"><strong data-start=\"944\" data-end=\"959\">Gestaltung:<\/strong><\/p>\n<ul data-start=\"964\" data-end=\"1146\">\n<li class=\"\" data-start=\"964\" data-end=\"988\">\n<p class=\"\" data-start=\"966\" data-end=\"988\">Dreisch\u00fcbiger Korpus<\/p>\n<\/li>\n<li class=\"\" data-start=\"991\" data-end=\"1029\">\n<p class=\"\" data-start=\"993\" data-end=\"1029\">Stark geschweifte Front und Seiten<\/p>\n<\/li>\n<li class=\"\" data-start=\"1032\" data-end=\"1083\">\n<p class=\"\" data-start=\"1034\" data-end=\"1083\">Originale Messingbeschl\u00e4ge (vermutlich 18. Jh.)<\/p>\n<\/li>\n<li class=\"\" data-start=\"1086\" data-end=\"1115\">\n<p class=\"\" data-start=\"1088\" data-end=\"1115\">Elegant geschwungene F\u00fc\u00dfe<\/p>\n<\/li>\n<li class=\"\" data-start=\"1118\" data-end=\"1146\">\n<p class=\"\" data-start=\"1120\" data-end=\"1146\">Kassettierte Seitenteile<\/p>\n<\/li>\n<\/ul>\n<\/li>\n<li class=\"\" data-start=\"1147\" data-end=\"1249\">\n<p class=\"\" data-start=\"1149\" data-end=\"1249\"><strong data-start=\"1149\" data-end=\"1161\">Zustand:<\/strong> Dem Alter entsprechend gut, kleinere altersbedingte Gebrauchsspuren und Trocknungsrisse<\/p>\n<\/li>\n<\/ul>\n<p class=\"\" data-start=\"1251\" data-end=\"1299\"><strong data-start=\"1251\" data-end=\"1260\">Ma\u00dfe:<\/strong><\/p>\n<p class=\"\" data-start=\"1627\" data-end=\"1646\"><strong data-start=\"1627\" data-end=\"1646\">Besonderheiten:<\/strong><\/p>\n<ul data-start=\"1648\" data-end=\"1826\">\n<li class=\"\" data-start=\"1648\" data-end=\"1678\">\n<p class=\"\" data-start=\"1650\" data-end=\"1678\">Ausdrucksstarke Holzmaserung<\/p>\n<\/li>\n<li class=\"\" data-start=\"1679\" data-end=\"1744\">\n<p class=\"\" data-start=\"1681\" data-end=\"1744\">Klassische Barockform mit seltener, dreifach geschweifter Front<\/p>\n<\/li>\n<li class=\"\" data-start=\"1745\" data-end=\"1769\">\n<p class=\"\" data-start=\"1747\" data-end=\"1769\">Sch\u00f6n erhaltene Patina<\/p>\n<\/li>\n<li class=\"\" data-start=\"1770\" data-end=\"1826\">\n<p class=\"\" data-start=\"1772\" data-end=\"1826\">Sammlerst\u00fcck mit dekorativer und funktionaler Qualit\u00e4t<\/p>\n<\/li>\n<\/ul>\n<\/div>\n<\/div>\n<\/div>\n<\/div>\n<\/div>\n<\/div>\n<\/div>\n<\/div>\n<\/article>\n<\/div>\n","protected":false},"excerpt":{"rendered":"<p>Barock-Kommode mit geschweifter Front, um 1760 Diese prachtvolle dreisch\u00fcbige Barock-Kommode stammt vermutlich aus dem s\u00fcd- oder mitteldeutschen Raum und datiert auf etwa [&hellip;]<\/p>\n","protected":false},"featured_media":275,"comment_status":"open","ping_status":"closed","template":"","meta":[],"product_brand":[],"product_cat":[16],"product_tag":[],"class_list":["post-280","product","type-product","status-publish","has-post-thumbnail","product_cat-kommoden","first","instock","sale","shipping-taxable","purchasable","product-type-simple"],"jetpack_sharing_enabled":true,"_links":{"self":[{"href":"https:\/\/wocadlo.de\/fw\/wp-json\/wp\/v2\/product\/280","targetHints":{"allow":["GET"]}}],"collection":[{"href":"https:\/\/wocadlo.de\/fw\/wp-json\/wp\/v2\/product"}],"about":[{"href":"https:\/\/wocadlo.de\/fw\/wp-json\/wp\/v2\/types\/product"}],"replies":[{"embeddable":true,"href":"https:\/\/wocadlo.de\/fw\/wp-json\/wp\/v2\/comments?post=280"}],"wp:featuredmedia":[{"embeddable":true,"href":"https:\/\/wocadlo.de\/fw\/wp-json\/wp\/v2\/media\/275"}],"wp:attachment":[{"href":"https:\/\/wocadlo.de\/fw\/wp-json\/wp\/v2\/media?parent=280"}],"wp:term":[{"taxonomy":"product_brand","embeddable":true,"href":"https:\/\/wocadlo.de\/fw\/wp-json\/wp\/v2\/product_brand?post=280"},{"taxonomy":"product_cat","embeddable":true,"href":"https:\/\/wocadlo.de\/fw\/wp-json\/wp\/v2\/product_cat?post=280"},{"taxonomy":"product_tag","embeddable":true,"href":"https:\/\/wocadlo.de\/fw\/wp-json\/wp\/v2\/product_tag?post=280"}],"curies":[{"name":"wp","href":"https:\/\/api.w.org\/{rel}","templated":true}]}}

<div class="@thread-xl/thread:pt-header-height mt-1.5 flex flex-col text-sm">
<article class="text-token-text-primary w-full" dir="auto" data-testid="conversation-turn-10" data-scroll-anchor="false">
<div class="text-base my-auto mx-auto py-5 [--thread-content-margin:--spacing(4)] @[37rem]:[--thread-content-margin:--spacing(6)] @[70rem]:[--thread-content-margin:--spacing(12)] px-(--thread-content-margin)">
<div class="[--thread-content-max-width:32rem] @[34rem]:[--thread-content-max-width:40rem] @[64rem]:[--thread-content-max-width:48rem] mx-auto flex max-w-(--thread-content-max-width) flex-1 text-base gap-4 md:gap-5 lg:gap-6 group/turn-messages focus-visible:outline-hidden" tabindex="-1">
<div class="group/conversation-turn relative flex w-full min-w-0 flex-col agent-turn">
<div class="relative flex-col gap-1 md:gap-3">
<div class="flex max-w-full flex-col grow">
<div class="min-h-8 text-message relative flex w-full flex-col items-end gap-2 text-start break-words whitespace-normal [.text-message+&amp;]:mt-5" dir="auto" data-message-author-role="assistant" data-message-id="773342f2-2a08-4eb5-98b7-6e5b12b977a8" data-message-model-slug="gpt-4o">
<div class="flex w-full flex-col gap-1 empty:hidden first:pt-[3px]">
<div class="markdown prose dark:prose-invert w-full break-words light">
<h3 class="" data-start="178" data-end="232"><strong data-start="182" data-end="232">Barock-Kommode mit geschweifter Front, um 1760</strong></h3>
<p class="" data-start="253" data-end="650">Diese prachtvolle dreischübige Barock-Kommode stammt vermutlich aus dem süd- oder mitteldeutschen Raum und datiert auf etwa 1760. Sie überzeugt durch ihre elegante, geschweifte Front und Seiten, die fließend in die geschwungene Sockelzone und die hohen Füße übergehen. Die Kommode besteht aus massivem Eichenholz, das sorgfältig gewachst wurde und dadurch eine warme, seidige Oberfläche aufweist.</p>
<p class="" data-start="652" data-end="791">Die lebhafte Maserung des Holzes und die harmonische Formgebung machen das Möbelstück zu einem ausdrucksstarken Zeugnis der Spätbarockzeit.</p>
<p class="" data-start="793" data-end="805"><strong data-start="793" data-end="805">Details:</strong></p>
<ul data-start="807" data-end="1249">
<li class="" data-start="807" data-end="839">
<p class="" data-start="809" data-end="839"><strong data-start="809" data-end="820">Epoche:</strong> Barock, ca. 1760</p>
</li>
<li class="" data-start="840" data-end="880">
<p class="" data-start="842" data-end="880"><strong data-start="842" data-end="855">Herkunft:</strong> Süd-/Mitteldeutschland</p>
</li>
<li class="" data-start="881" data-end="912">
<p class="" data-start="883" data-end="912"><strong data-start="883" data-end="896">Material:</strong> Massive Eiche</p>
</li>
<li class="" data-start="913" data-end="941">
<p class="" data-start="915" data-end="941"><strong data-start="915" data-end="930">Oberfläche:</strong> Gewachst</p>
</li>
<li class="" data-start="942" data-end="1146">
<p class="" data-start="944" data-end="961"><strong data-start="944" data-end="959">Gestaltung:</strong></p>
<ul data-start="964" data-end="1146">
<li class="" data-start="964" data-end="988">
<p class="" data-start="966" data-end="988">Dreischübiger Korpus</p>
</li>
<li class="" data-start="991" data-end="1029">
<p class="" data-start="993" data-end="1029">Stark geschweifte Front und Seiten</p>
</li>
<li class="" data-start="1032" data-end="1083">
<p class="" data-start="1034" data-end="1083">Originale Messingbeschläge (vermutlich 18. Jh.)</p>
</li>
<li class="" data-start="1086" data-end="1115">
<p class="" data-start="1088" data-end="1115">Elegant geschwungene Füße</p>
</li>
<li class="" data-start="1118" data-end="1146">
<p class="" data-start="1120" data-end="1146">Kassettierte Seitenteile</p>
</li>
</ul>
</li>
<li class="" data-start="1147" data-end="1249">
<p class="" data-start="1149" data-end="1249"><strong data-start="1149" data-end="1161">Zustand:</strong> Dem Alter entsprechend gut, kleinere altersbedingte Gebrauchsspuren und Trocknungsrisse</p>
</li>
</ul>
<p class="" data-start="1251" data-end="1299"><strong data-start="1251" data-end="1260">Maße:</strong></p>
<p class="" data-start="1627" data-end="1646"><strong data-start="1627" data-end="1646">Besonderheiten:</strong></p>
<ul data-start="1648" data-end="1826">
<li class="" data-start="1648" data-end="1678">
<p class="" data-start="1650" data-end="1678">Ausdrucksstarke Holzmaserung</p>
</li>
<li class="" data-start="1679" data-end="1744">
<p class="" data-start="1681" data-end="1744">Klassische Barockform mit seltener, dreifach geschweifter Front</p>
</li>
<li class="" data-start="1745" data-end="1769">
<p class="" data-start="1747" data-end="1769">Schön erhaltene Patina</p>
</li>
<li class="" data-start="1770" data-end="1826">
<p class="" data-start="1772" data-end="1826">Sammlerstück mit dekorativer und funktionaler Qualität</p>
</li>
</ul>
</div>
</div>
</div>
</div>
</div>
</div>
</div>
</div>
</article>
</div>

<p>Barock-Kommode mit geschweifter Front, um 1760 Diese prachtvolle dreischübige Barock-Kommode stammt vermutlich aus dem süd- oder mitteldeutschen Raum und datiert auf etwa [&hellip;]</p>
