{"id":307,"date":"2025-04-15T23:33:45","date_gmt":"2025-04-15T21:33:45","guid":{"rendered":"https:\/\/wocadlo.de\/fw\/?post_type=product&#038;p=307"},"modified":"2025-08-17T11:18:15","modified_gmt":"2025-08-17T09:18:15","slug":"schrank-mit-blattmotiven-zweituerig-ca-1740","status":"publish","type":"product","link":"https:\/\/wocadlo.de\/fw\/produkt\/schrank-mit-blattmotiven-zweituerig-ca-1740\/","title":{"rendered":"Zerlegbarer Schrank mit Blattmotiven zweit\u00fcrig ca. 1740"},"content":{"rendered":"<div class=\"flex max-w-full flex-col grow\">\n<div class=\"min-h-8 text-message relative flex w-full flex-col items-end gap-2 text-start break-words whitespace-normal [.text-message+&amp;]:mt-5\" dir=\"auto\" data-message-author-role=\"assistant\" data-message-id=\"fc7d3193-6dff-4303-b682-663a770ad63d\" data-message-model-slug=\"gpt-4o\">\n<div class=\"flex w-full flex-col gap-1 empty:hidden first:pt-[3px]\">\n<div class=\"markdown prose dark:prose-invert w-full break-words light\">\n<p class=\"\" data-start=\"386\" data-end=\"626\"><strong data-start=\"386\" data-end=\"445\">Zweit\u00fcriger Barockschrank mit geschnitzten Blattmotiven<\/strong><br data-start=\"445\" data-end=\"448\" \/><strong data-start=\"448\" data-end=\"462\">Datierung:<\/strong> um 1740<br data-start=\"470\" data-end=\"473\" \/><strong data-start=\"473\" data-end=\"486\">Herkunft:<\/strong> vermutlich S\u00fcddeutschland oder Mitteldeutschland<br data-start=\"535\" data-end=\"538\" \/><strong data-start=\"538\" data-end=\"551\">Material:<\/strong> Eiche massiv, teils mit dekorativer Maserung (Riegel- oder Fladerstruktur)<\/p>\n<hr class=\"\" data-start=\"628\" data-end=\"631\" \/>\n<h4 class=\"\" data-start=\"633\" data-end=\"663\">Konstruktion &amp; Aufbau:<\/h4>\n<ul data-start=\"664\" data-end=\"1290\">\n<li class=\"\" data-start=\"664\" data-end=\"848\">\n<p class=\"\" data-start=\"666\" data-end=\"848\"><strong data-start=\"666\" data-end=\"688\">Zerlegbarer Korpus<\/strong> mit Stecksystem, bestehend aus Seitenteilen, Boden, Deckplatte, R\u00fcckwand und T\u00fcren \u2013 typisch f\u00fcr M\u00f6bel dieser Zeit, um sie leichter transportieren zu k\u00f6nnen.<\/p>\n<\/li>\n<li class=\"\" data-start=\"849\" data-end=\"995\">\n<p class=\"\" data-start=\"851\" data-end=\"995\"><strong data-start=\"851\" data-end=\"864\">Zweit\u00fcrig<\/strong>, mit jeweils zwei hochrechteckigen, fl\u00e4chig vertieften F\u00fcllungen pro T\u00fcr, davon die gr\u00f6\u00dferen mittleren in <strong data-start=\"971\" data-end=\"986\">achteckiger<\/strong> Rahmung.<\/p>\n<\/li>\n<li class=\"\" data-start=\"996\" data-end=\"1203\">\n<p class=\"\" data-start=\"998\" data-end=\"1203\"><strong data-start=\"998\" data-end=\"1027\">Blattornamente geschnitzt<\/strong> auf den Lisenen der Seiten (rechts und links der T\u00fcren). Diese Bl\u00e4tter sind stilisiert und in sich verdreht \u2013 typisches Motiv f\u00fcr M\u00f6bel der ersten H\u00e4lfte des 18. Jahrhunderts.<\/p>\n<\/li>\n<li class=\"\" data-start=\"1204\" data-end=\"1290\">\n<p class=\"\" data-start=\"1206\" data-end=\"1290\"><strong data-start=\"1206\" data-end=\"1234\">Originale Eisenbeschl\u00e4ge<\/strong>, darunter barocke Schlossplatten und Schl\u00fcsselschilder.<\/p>\n<\/li>\n<\/ul>\n<hr class=\"\" data-start=\"1292\" data-end=\"1295\" \/>\n<h4 class=\"\" data-start=\"1297\" data-end=\"1328\">Gestaltung &amp; Stilistik:<\/h4>\n<ul data-start=\"1329\" data-end=\"1779\">\n<li class=\"\" data-start=\"1329\" data-end=\"1519\">\n<p class=\"\" data-start=\"1331\" data-end=\"1519\"><strong data-start=\"1331\" data-end=\"1356\">Barocke Formensprache<\/strong>: kraftvoller, architektonisch wirkender Aufbau mit ausgepr\u00e4gtem <strong data-start=\"1421\" data-end=\"1431\">Gesims<\/strong> (geschnitzt und profiliert), stark hervortretendem Sockel und kraftvollen Proportionen.<\/p>\n<\/li>\n<li class=\"\" data-start=\"1520\" data-end=\"1652\">\n<p class=\"\" data-start=\"1522\" data-end=\"1652\"><strong data-start=\"1522\" data-end=\"1543\">Schlichte Eleganz<\/strong> \u2013 keine Intarsien oder Einlagen, aber fein abgestimmte Proportionen und handwerklich ausgearbeitete Details.<\/p>\n<\/li>\n<li class=\"\" data-start=\"1653\" data-end=\"1779\">\n<p class=\"\" data-start=\"1655\" data-end=\"1779\">Die geschnitzten Blattornamente weisen auf <strong data-start=\"1698\" data-end=\"1735\">eine l\u00e4ndlich-regionale Werkstatt<\/strong> mit gutem kunsthandwerklichem Anspruch hin.<\/p>\n<\/li>\n<\/ul>\n<hr class=\"\" data-start=\"1781\" data-end=\"1784\" \/>\n<h4 class=\"\" data-start=\"1786\" data-end=\"1854\">\ud83d\udccf Ma\u00dfe (gesch\u00e4tzt anhand der Bilder, exakte Ma\u00dfe w\u00e4ren ideal):<\/h4>\n<ul data-start=\"1855\" data-end=\"1928\">\n<li class=\"\" data-start=\"1855\" data-end=\"1879\">\n<p class=\"\" data-start=\"1857\" data-end=\"1879\">H\u00f6he: ca. 190\u2013200\u202fcm<\/p>\n<\/li>\n<li class=\"\" data-start=\"1880\" data-end=\"1906\">\n<p class=\"\" data-start=\"1882\" data-end=\"1906\">Breite: ca. 160\u2013180\u202fcm<\/p>\n<\/li>\n<li class=\"\" data-start=\"1907\" data-end=\"1928\">\n<p class=\"\" data-start=\"1909\" data-end=\"1928\">Tiefe: ca. 60\u201370\u202fcm<\/p>\n<\/li>\n<\/ul>\n<hr class=\"\" data-start=\"1930\" data-end=\"1933\" \/>\n<h4 class=\"\" data-start=\"1935\" data-end=\"1951\">\ud83e\uddfe Zustand:<\/h4>\n<ul data-start=\"1952\" data-end=\"2213\">\n<li class=\"\" data-start=\"1952\" data-end=\"1991\">\n<p class=\"\" data-start=\"1954\" data-end=\"1991\">Sehr gut erhaltener Originalzustand<\/p>\n<\/li>\n<li class=\"\" data-start=\"1992\" data-end=\"2034\">\n<p class=\"\" data-start=\"1994\" data-end=\"2034\">Holz mit sch\u00f6ner, authentischer Patina<\/p>\n<\/li>\n<li class=\"\" data-start=\"2035\" data-end=\"2153\">\n<p class=\"\" data-start=\"2037\" data-end=\"2153\">Geringf\u00fcgige Altersspuren (z.\u202fB. kleine Risse, altersbedingte Verf\u00e4rbungen), keine strukturellen Sch\u00e4den erkennbar<\/p>\n<\/li>\n<\/ul>\n<hr class=\"\" data-start=\"2215\" data-end=\"2218\" \/>\n<\/div>\n<\/div>\n<\/div>\n<\/div>\n","protected":false},"excerpt":{"rendered":"<p>Zweit\u00fcriger Barockschrank mit geschnitzten BlattmotivenDatierung: um 1740Herkunft: vermutlich S\u00fcddeutschland oder MitteldeutschlandMaterial: Eiche massiv, teils mit dekorativer Maserung (Riegel- oder Fladerstruktur) Konstruktion &amp; [&hellip;]<\/p>\n","protected":false},"featured_media":308,"comment_status":"open","ping_status":"closed","template":"","meta":[],"product_brand":[],"product_cat":[17],"product_tag":[],"class_list":["post-307","product","type-product","status-publish","has-post-thumbnail","product_cat-schraenke","first","instock","sale","shipping-taxable","purchasable","product-type-simple"],"jetpack_sharing_enabled":true,"_links":{"self":[{"href":"https:\/\/wocadlo.de\/fw\/wp-json\/wp\/v2\/product\/307","targetHints":{"allow":["GET"]}}],"collection":[{"href":"https:\/\/wocadlo.de\/fw\/wp-json\/wp\/v2\/product"}],"about":[{"href":"https:\/\/wocadlo.de\/fw\/wp-json\/wp\/v2\/types\/product"}],"replies":[{"embeddable":true,"href":"https:\/\/wocadlo.de\/fw\/wp-json\/wp\/v2\/comments?post=307"}],"wp:featuredmedia":[{"embeddable":true,"href":"https:\/\/wocadlo.de\/fw\/wp-json\/wp\/v2\/media\/308"}],"wp:attachment":[{"href":"https:\/\/wocadlo.de\/fw\/wp-json\/wp\/v2\/media?parent=307"}],"wp:term":[{"taxonomy":"product_brand","embeddable":true,"href":"https:\/\/wocadlo.de\/fw\/wp-json\/wp\/v2\/product_brand?post=307"},{"taxonomy":"product_cat","embeddable":true,"href":"https:\/\/wocadlo.de\/fw\/wp-json\/wp\/v2\/product_cat?post=307"},{"taxonomy":"product_tag","embeddable":true,"href":"https:\/\/wocadlo.de\/fw\/wp-json\/wp\/v2\/product_tag?post=307"}],"curies":[{"name":"wp","href":"https:\/\/api.w.org\/{rel}","templated":true}]}}

Zerlegbarer Schrank mit Blattmotiven zweitürig ca. 1740

<div class="flex max-w-full flex-col grow">
<div class="min-h-8 text-message relative flex w-full flex-col items-end gap-2 text-start break-words whitespace-normal [.text-message+&amp;]:mt-5" dir="auto" data-message-author-role="assistant" data-message-id="fc7d3193-6dff-4303-b682-663a770ad63d" data-message-model-slug="gpt-4o">
<div class="flex w-full flex-col gap-1 empty:hidden first:pt-[3px]">
<div class="markdown prose dark:prose-invert w-full break-words light">
<p class="" data-start="386" data-end="626"><strong data-start="386" data-end="445">Zweitüriger Barockschrank mit geschnitzten Blattmotiven</strong><br data-start="445" data-end="448" /><strong data-start="448" data-end="462">Datierung:</strong> um 1740<br data-start="470" data-end="473" /><strong data-start="473" data-end="486">Herkunft:</strong> vermutlich Süddeutschland oder Mitteldeutschland<br data-start="535" data-end="538" /><strong data-start="538" data-end="551">Material:</strong> Eiche massiv, teils mit dekorativer Maserung (Riegel- oder Fladerstruktur)</p>
<hr class="" data-start="628" data-end="631" />
<h4 class="" data-start="633" data-end="663">Konstruktion &amp; Aufbau:</h4>
<ul data-start="664" data-end="1290">
<li class="" data-start="664" data-end="848">
<p class="" data-start="666" data-end="848"><strong data-start="666" data-end="688">Zerlegbarer Korpus</strong> mit Stecksystem, bestehend aus Seitenteilen, Boden, Deckplatte, Rückwand und Türen – typisch für Möbel dieser Zeit, um sie leichter transportieren zu können.</p>
</li>
<li class="" data-start="849" data-end="995">
<p class="" data-start="851" data-end="995"><strong data-start="851" data-end="864">Zweitürig</strong>, mit jeweils zwei hochrechteckigen, flächig vertieften Füllungen pro Tür, davon die größeren mittleren in <strong data-start="971" data-end="986">achteckiger</strong> Rahmung.</p>
</li>
<li class="" data-start="996" data-end="1203">
<p class="" data-start="998" data-end="1203"><strong data-start="998" data-end="1027">Blattornamente geschnitzt</strong> auf den Lisenen der Seiten (rechts und links der Türen). Diese Blätter sind stilisiert und in sich verdreht – typisches Motiv für Möbel der ersten Hälfte des 18. Jahrhunderts.</p>
</li>
<li class="" data-start="1204" data-end="1290">
<p class="" data-start="1206" data-end="1290"><strong data-start="1206" data-end="1234">Originale Eisenbeschläge</strong>, darunter barocke Schlossplatten und Schlüsselschilder.</p>
</li>
</ul>
<hr class="" data-start="1292" data-end="1295" />
<h4 class="" data-start="1297" data-end="1328">Gestaltung &amp; Stilistik:</h4>
<ul data-start="1329" data-end="1779">
<li class="" data-start="1329" data-end="1519">
<p class="" data-start="1331" data-end="1519"><strong data-start="1331" data-end="1356">Barocke Formensprache</strong>: kraftvoller, architektonisch wirkender Aufbau mit ausgeprägtem <strong data-start="1421" data-end="1431">Gesims</strong> (geschnitzt und profiliert), stark hervortretendem Sockel und kraftvollen Proportionen.</p>
</li>
<li class="" data-start="1520" data-end="1652">
<p class="" data-start="1522" data-end="1652"><strong data-start="1522" data-end="1543">Schlichte Eleganz</strong> – keine Intarsien oder Einlagen, aber fein abgestimmte Proportionen und handwerklich ausgearbeitete Details.</p>
</li>
<li class="" data-start="1653" data-end="1779">
<p class="" data-start="1655" data-end="1779">Die geschnitzten Blattornamente weisen auf <strong data-start="1698" data-end="1735">eine ländlich-regionale Werkstatt</strong> mit gutem kunsthandwerklichem Anspruch hin.</p>
</li>
</ul>
<hr class="" data-start="1781" data-end="1784" />
<h4 class="" data-start="1786" data-end="1854">📏 Maße (geschätzt anhand der Bilder, exakte Maße wären ideal):</h4>
<ul data-start="1855" data-end="1928">
<li class="" data-start="1855" data-end="1879">
<p class="" data-start="1857" data-end="1879">Höhe: ca. 190–200 cm</p>
</li>
<li class="" data-start="1880" data-end="1906">
<p class="" data-start="1882" data-end="1906">Breite: ca. 160–180 cm</p>
</li>
<li class="" data-start="1907" data-end="1928">
<p class="" data-start="1909" data-end="1928">Tiefe: ca. 60–70 cm</p>
</li>
</ul>
<hr class="" data-start="1930" data-end="1933" />
<h4 class="" data-start="1935" data-end="1951">🧾 Zustand:</h4>
<ul data-start="1952" data-end="2213">
<li class="" data-start="1952" data-end="1991">
<p class="" data-start="1954" data-end="1991">Sehr gut erhaltener Originalzustand</p>
</li>
<li class="" data-start="1992" data-end="2034">
<p class="" data-start="1994" data-end="2034">Holz mit schöner, authentischer Patina</p>
</li>
<li class="" data-start="2035" data-end="2153">
<p class="" data-start="2037" data-end="2153">Geringfügige Altersspuren (z. B. kleine Risse, altersbedingte Verfärbungen), keine strukturellen Schäden erkennbar</p>
</li>
</ul>
<hr class="" data-start="2215" data-end="2218" />
</div>
</div>
</div>
</div>

<p>Zweitüriger Barockschrank mit geschnitzten BlattmotivenDatierung: um 1740Herkunft: vermutlich Süddeutschland oder MitteldeutschlandMaterial: Eiche massiv, teils mit dekorativer Maserung (Riegel- oder Fladerstruktur) Konstruktion &amp; [&hellip;]</p>
