{"id":361,"date":"2025-04-16T20:30:12","date_gmt":"2025-04-16T18:30:12","guid":{"rendered":"https:\/\/wocadlo.de\/fw\/?post_type=product&#038;p=361"},"modified":"2025-11-28T14:21:46","modified_gmt":"2025-11-28T13:21:46","slug":"eckschrank-in-eiche-mit-regal-um-1820","status":"publish","type":"product","link":"https:\/\/wocadlo.de\/fw\/produkt\/eckschrank-in-eiche-mit-regal-um-1820\/","title":{"rendered":"Eckschrank in Eiche mit Regal um 1820 mit Einlegb\u00f6den"},"content":{"rendered":"<div class=\"flex shrink basis-auto flex-col overflow-hidden -mb-(--composer-overlap-px) [--composer-overlap-px:24px] grow\">\n<div class=\"@container h-full overflow-y-auto pb-(--composer-overlap-px) [scrollbar-gutter:stable] group-data-stream-active\/thread:[overflow-anchor:none]\">\n<div class=\"@thread-xl\/thread:pt-header-height mt-1.5 flex flex-col text-sm\">\n<article class=\"text-token-text-primary w-full\" dir=\"auto\" data-testid=\"conversation-turn-36\" data-scroll-anchor=\"false\">\n<div class=\"text-base my-auto mx-auto py-5 [--thread-content-margin:--spacing(4)] @[37rem]:[--thread-content-margin:--spacing(6)] @[70rem]:[--thread-content-margin:--spacing(12)] px-(--thread-content-margin)\">\n<div class=\"[--thread-content-max-width:32rem] @[34rem]:[--thread-content-max-width:40rem] @[64rem]:[--thread-content-max-width:48rem] mx-auto flex max-w-(--thread-content-max-width) flex-1 text-base gap-4 md:gap-5 lg:gap-6 group\/turn-messages focus-visible:outline-hidden\" tabindex=\"-1\">\n<div class=\"group\/conversation-turn relative flex w-full min-w-0 flex-col agent-turn\">\n<div class=\"relative flex-col gap-1 md:gap-3\">\n<div class=\"flex max-w-full flex-col grow\">\n<div class=\"min-h-8 text-message relative flex w-full flex-col items-end gap-2 text-start break-words whitespace-normal [.text-message+&amp;]:mt-5\" dir=\"auto\" data-message-author-role=\"assistant\" data-message-id=\"6c483a0e-27d5-421a-9cf8-5cd301bd19f1\" data-message-model-slug=\"gpt-4o\">\n<div class=\"flex w-full flex-col gap-1 empty:hidden first:pt-[3px]\">\n<div class=\"markdown prose dark:prose-invert w-full break-words light\">\n<p class=\"\" data-start=\"0\" data-end=\"447\">Ein <strong data-start=\"31\" data-end=\"52\">seltenes Eckm\u00f6bel<\/strong>, genauer gesagt ein <strong data-start=\"73\" data-end=\"104\">Eckschrank mit Aufsatzregal<\/strong>, gefertigt aus massiver <strong data-start=\"129\" data-end=\"138\">Eiche<\/strong>. Solche M\u00f6bel wurden h\u00e4ufig im <strong data-start=\"170\" data-end=\"205\">18. oder fr\u00fchen 19. Jahrhundert<\/strong> in l\u00e4ndlichen Gegenden verwendet \u2013 funktional, platzsparend und oft handwerklich solide verarbeitet. Der geschwungene Aufbau mit offenen Regalen weist auf <strong data-start=\"361\" data-end=\"408\">sp\u00e4tbarocke bis fr\u00fchbiedermeierliche Formen<\/strong> hin, sch\u00e4tzungsweise <strong data-start=\"430\" data-end=\"446\">um 1800\u20131830<\/strong>.<\/p>\n<h3 class=\"\" data-start=\"454\" data-end=\"502\"><strong data-start=\"461\" data-end=\"502\">Stilistische und zeitliche Einordnung<\/strong><\/h3>\n<ul data-start=\"503\" data-end=\"1014\">\n<li class=\"\" data-start=\"503\" data-end=\"554\">\n<p class=\"\" data-start=\"505\" data-end=\"554\"><strong data-start=\"505\" data-end=\"513\">Typ:<\/strong> Eckschrank mit integriertem Aufsatzregal<\/p>\n<\/li>\n<li class=\"\" data-start=\"555\" data-end=\"599\">\n<p class=\"\" data-start=\"557\" data-end=\"599\"><strong data-start=\"557\" data-end=\"570\">Material:<\/strong> Massive Eiche, handgefertigt<\/p>\n<\/li>\n<li class=\"\" data-start=\"600\" data-end=\"716\">\n<p class=\"\" data-start=\"602\" data-end=\"716\"><strong data-start=\"602\" data-end=\"617\">Entstehung:<\/strong> Vermutlich um <strong data-start=\"632\" data-end=\"645\">1800\u20131830<\/strong>, l\u00e4ndlicher Raum (S\u00fcddeutschland oder Frankreich nicht ausgeschlossen)<\/p>\n<\/li>\n<li class=\"\" data-start=\"717\" data-end=\"796\">\n<p class=\"\" data-start=\"719\" data-end=\"796\"><strong data-start=\"719\" data-end=\"728\">Stil:<\/strong> <strong data-start=\"729\" data-end=\"759\">Sp\u00e4tbarock bis Biedermeier<\/strong>, mit funktionalem, schlichten Aufbau<\/p>\n<\/li>\n<li class=\"\" data-start=\"797\" data-end=\"1014\">\n<p class=\"\" data-start=\"799\" data-end=\"820\"><strong data-start=\"799\" data-end=\"818\">Besonderheiten:<\/strong><\/p>\n<ul data-start=\"823\" data-end=\"1014\">\n<li class=\"\" data-start=\"823\" data-end=\"881\">\n<p class=\"\" data-start=\"825\" data-end=\"881\">Einteiliges M\u00f6bel (nicht zerlegbar), gefertigt f\u00fcr Ecken<\/p>\n<\/li>\n<li class=\"\" data-start=\"884\" data-end=\"936\">\n<p class=\"\" data-start=\"886\" data-end=\"936\">Aufsteigende, asymmetrisch geschwungene Regalb\u00f6den<\/p>\n<\/li>\n<li class=\"\" data-start=\"939\" data-end=\"966\">\n<p class=\"\" data-start=\"941\" data-end=\"966\">Handgeschmiedetes Schloss<\/p>\n<\/li>\n<li class=\"\" data-start=\"969\" data-end=\"1014\">\n<p class=\"\" data-start=\"971\" data-end=\"1014\">Urspr\u00fcngliche Oberfl\u00e4che erhalten, gewachst<\/p>\n<\/li>\n<\/ul>\n<\/li>\n<\/ul>\n<\/div>\n<\/div>\n<\/div>\n<\/div>\n<\/div>\n<\/div>\n<\/div>\n<\/div>\n<\/article>\n<\/div>\n<\/div>\n<\/div>\n","protected":false},"excerpt":{"rendered":"<p>Ein seltenes Eckm\u00f6bel, genauer gesagt ein Eckschrank mit Aufsatzregal, gefertigt aus massiver Eiche. Solche M\u00f6bel wurden h\u00e4ufig im 18. oder fr\u00fchen 19. [&hellip;]<\/p>\n","protected":false},"featured_media":362,"comment_status":"open","ping_status":"closed","template":"","meta":[],"product_brand":[],"product_cat":[17],"product_tag":[],"class_list":["post-361","product","type-product","status-publish","has-post-thumbnail","product_cat-schraenke","first","instock","sale","shipping-taxable","purchasable","product-type-simple"],"jetpack_sharing_enabled":true,"_links":{"self":[{"href":"https:\/\/wocadlo.de\/fw\/wp-json\/wp\/v2\/product\/361","targetHints":{"allow":["GET"]}}],"collection":[{"href":"https:\/\/wocadlo.de\/fw\/wp-json\/wp\/v2\/product"}],"about":[{"href":"https:\/\/wocadlo.de\/fw\/wp-json\/wp\/v2\/types\/product"}],"replies":[{"embeddable":true,"href":"https:\/\/wocadlo.de\/fw\/wp-json\/wp\/v2\/comments?post=361"}],"wp:featuredmedia":[{"embeddable":true,"href":"https:\/\/wocadlo.de\/fw\/wp-json\/wp\/v2\/media\/362"}],"wp:attachment":[{"href":"https:\/\/wocadlo.de\/fw\/wp-json\/wp\/v2\/media?parent=361"}],"wp:term":[{"taxonomy":"product_brand","embeddable":true,"href":"https:\/\/wocadlo.de\/fw\/wp-json\/wp\/v2\/product_brand?post=361"},{"taxonomy":"product_cat","embeddable":true,"href":"https:\/\/wocadlo.de\/fw\/wp-json\/wp\/v2\/product_cat?post=361"},{"taxonomy":"product_tag","embeddable":true,"href":"https:\/\/wocadlo.de\/fw\/wp-json\/wp\/v2\/product_tag?post=361"}],"curies":[{"name":"wp","href":"https:\/\/api.w.org\/{rel}","templated":true}]}}

Eckschrank in Eiche mit Regal um 1820 mit Einlegböden

<div class="flex shrink basis-auto flex-col overflow-hidden -mb-(--composer-overlap-px) [--composer-overlap-px:24px] grow">
<div class="@container h-full overflow-y-auto pb-(--composer-overlap-px) [scrollbar-gutter:stable] group-data-stream-active/thread:[overflow-anchor:none]">
<div class="@thread-xl/thread:pt-header-height mt-1.5 flex flex-col text-sm">
<article class="text-token-text-primary w-full" dir="auto" data-testid="conversation-turn-36" data-scroll-anchor="false">
<div class="text-base my-auto mx-auto py-5 [--thread-content-margin:--spacing(4)] @[37rem]:[--thread-content-margin:--spacing(6)] @[70rem]:[--thread-content-margin:--spacing(12)] px-(--thread-content-margin)">
<div class="[--thread-content-max-width:32rem] @[34rem]:[--thread-content-max-width:40rem] @[64rem]:[--thread-content-max-width:48rem] mx-auto flex max-w-(--thread-content-max-width) flex-1 text-base gap-4 md:gap-5 lg:gap-6 group/turn-messages focus-visible:outline-hidden" tabindex="-1">
<div class="group/conversation-turn relative flex w-full min-w-0 flex-col agent-turn">
<div class="relative flex-col gap-1 md:gap-3">
<div class="flex max-w-full flex-col grow">
<div class="min-h-8 text-message relative flex w-full flex-col items-end gap-2 text-start break-words whitespace-normal [.text-message+&amp;]:mt-5" dir="auto" data-message-author-role="assistant" data-message-id="6c483a0e-27d5-421a-9cf8-5cd301bd19f1" data-message-model-slug="gpt-4o">
<div class="flex w-full flex-col gap-1 empty:hidden first:pt-[3px]">
<div class="markdown prose dark:prose-invert w-full break-words light">
<p class="" data-start="0" data-end="447">Ein <strong data-start="31" data-end="52">seltenes Eckmöbel</strong>, genauer gesagt ein <strong data-start="73" data-end="104">Eckschrank mit Aufsatzregal</strong>, gefertigt aus massiver <strong data-start="129" data-end="138">Eiche</strong>. Solche Möbel wurden häufig im <strong data-start="170" data-end="205">18. oder frühen 19. Jahrhundert</strong> in ländlichen Gegenden verwendet – funktional, platzsparend und oft handwerklich solide verarbeitet. Der geschwungene Aufbau mit offenen Regalen weist auf <strong data-start="361" data-end="408">spätbarocke bis frühbiedermeierliche Formen</strong> hin, schätzungsweise <strong data-start="430" data-end="446">um 1800–1830</strong>.</p>
<h3 class="" data-start="454" data-end="502"><strong data-start="461" data-end="502">Stilistische und zeitliche Einordnung</strong></h3>
<ul data-start="503" data-end="1014">
<li class="" data-start="503" data-end="554">
<p class="" data-start="505" data-end="554"><strong data-start="505" data-end="513">Typ:</strong> Eckschrank mit integriertem Aufsatzregal</p>
</li>
<li class="" data-start="555" data-end="599">
<p class="" data-start="557" data-end="599"><strong data-start="557" data-end="570">Material:</strong> Massive Eiche, handgefertigt</p>
</li>
<li class="" data-start="600" data-end="716">
<p class="" data-start="602" data-end="716"><strong data-start="602" data-end="617">Entstehung:</strong> Vermutlich um <strong data-start="632" data-end="645">1800–1830</strong>, ländlicher Raum (Süddeutschland oder Frankreich nicht ausgeschlossen)</p>
</li>
<li class="" data-start="717" data-end="796">
<p class="" data-start="719" data-end="796"><strong data-start="719" data-end="728">Stil:</strong> <strong data-start="729" data-end="759">Spätbarock bis Biedermeier</strong>, mit funktionalem, schlichten Aufbau</p>
</li>
<li class="" data-start="797" data-end="1014">
<p class="" data-start="799" data-end="820"><strong data-start="799" data-end="818">Besonderheiten:</strong></p>
<ul data-start="823" data-end="1014">
<li class="" data-start="823" data-end="881">
<p class="" data-start="825" data-end="881">Einteiliges Möbel (nicht zerlegbar), gefertigt für Ecken</p>
</li>
<li class="" data-start="884" data-end="936">
<p class="" data-start="886" data-end="936">Aufsteigende, asymmetrisch geschwungene Regalböden</p>
</li>
<li class="" data-start="939" data-end="966">
<p class="" data-start="941" data-end="966">Handgeschmiedetes Schloss</p>
</li>
<li class="" data-start="969" data-end="1014">
<p class="" data-start="971" data-end="1014">Ursprüngliche Oberfläche erhalten, gewachst</p>
</li>
</ul>
</li>
</ul>
</div>
</div>
</div>
</div>
</div>
</div>
</div>
</div>
</article>
</div>
</div>
</div>

<p>Ein seltenes Eckmöbel, genauer gesagt ein Eckschrank mit Aufsatzregal, gefertigt aus massiver Eiche. Solche Möbel wurden häufig im 18. oder frühen 19. [&hellip;]</p>
