{"id":615,"date":"2025-04-20T21:59:30","date_gmt":"2025-04-20T19:59:30","guid":{"rendered":"https:\/\/wocadlo.de\/fw\/?post_type=product&#038;p=615"},"modified":"2025-08-17T11:56:52","modified_gmt":"2025-08-17T09:56:52","slug":"zweituerige-barock-anrichte-1750-in-eiche-mit-bastionsfuellungen","status":"publish","type":"product","link":"https:\/\/wocadlo.de\/fw\/produkt\/zweituerige-barock-anrichte-1750-in-eiche-mit-bastionsfuellungen\/","title":{"rendered":"Zweit\u00fcrige Barock-Anrichte 1750 in Eiche mit Bastionsf\u00fcllungen."},"content":{"rendered":"<div class=\"flex shrink basis-auto flex-col overflow-hidden -mb-(--composer-overlap-px) [--composer-overlap-px:24px] grow\">\n<div class=\"@container h-full overflow-y-auto pb-(--composer-overlap-px) [scrollbar-gutter:stable] group-data-stream-active\/thread:[overflow-anchor:none]\">\n<div class=\"@thread-xl\/thread:pt-header-height mt-1.5 flex flex-col text-sm\">\n<article class=\"text-token-text-primary w-full\" dir=\"auto\" data-testid=\"conversation-turn-52\" data-scroll-anchor=\"false\">\n<div class=\"text-base my-auto mx-auto py-5 [--thread-content-margin:--spacing(4)] @[37rem]:[--thread-content-margin:--spacing(6)] @[70rem]:[--thread-content-margin:--spacing(12)] px-(--thread-content-margin)\">\n<div class=\"[--thread-content-max-width:32rem] @[34rem]:[--thread-content-max-width:40rem] @[64rem]:[--thread-content-max-width:48rem] mx-auto flex max-w-(--thread-content-max-width) flex-1 text-base gap-4 md:gap-5 lg:gap-6 group\/turn-messages focus-visible:outline-hidden\" tabindex=\"-1\">\n<div class=\"group\/conversation-turn relative flex w-full min-w-0 flex-col agent-turn\">\n<div class=\"relative flex-col gap-1 md:gap-3\">\n<div class=\"flex max-w-full flex-col grow\">\n<div class=\"min-h-8 text-message relative flex w-full flex-col items-end gap-2 text-start break-words whitespace-normal [.text-message+&amp;]:mt-5\" dir=\"auto\" data-message-author-role=\"assistant\" data-message-id=\"6c37ddc2-5ed9-4918-830a-20b8b420243f\" data-message-model-slug=\"gpt-4o\">\n<div class=\"flex w-full flex-col gap-1 empty:hidden first:pt-[3px]\">\n<div class=\"markdown prose dark:prose-invert w-full break-words light\">\n<h3 class=\"\" data-start=\"346\" data-end=\"419\"><strong data-start=\"353\" data-end=\"419\">Barocke Eichen-Anrichte mit Bastionsf\u00fcllungen, um 1750<\/strong><\/h3>\n<p class=\"\" data-start=\"421\" data-end=\"956\"><strong data-start=\"421\" data-end=\"438\">Beschreibung:<\/strong><br data-start=\"438\" data-end=\"441\" \/>Diese au\u00dfergew\u00f6hnliche zweit\u00fcrige Anrichte stammt vermutlich aus der Zeit um <strong data-start=\"518\" data-end=\"526\">1750<\/strong> und wurde aus <strong data-start=\"541\" data-end=\"559\">massiver Eiche<\/strong> gefertigt. Sie besticht durch ihre klare, kompakte Form und die f\u00fcr den Barock typischen <strong data-start=\"649\" data-end=\"670\">Bastionsf\u00fcllungen<\/strong> in den T\u00fcrfeldern \u2013 ein Zeichen von hoher Tischlerkunst. Die T\u00fcren sind mit originaler alter Schlosstechnik ausgestattet, der Kranz oben dezent profiliert, die Seiten schlicht gehalten. Die Oberfl\u00e4che zeigt eine sch\u00f6ne altersbedingte Patina mit dem warmen Charakter historischer Eiche.<\/p>\n<p class=\"\" data-start=\"958\" data-end=\"970\"><strong data-start=\"958\" data-end=\"970\">Details:<\/strong><\/p>\n<ul data-start=\"971\" data-end=\"1326\">\n<li class=\"\" data-start=\"971\" data-end=\"1006\">\n<p class=\"\" data-start=\"973\" data-end=\"1006\"><strong data-start=\"973\" data-end=\"984\">Epoche:<\/strong> Barock \/ Sp\u00e4tbarock<\/p>\n<\/li>\n<li class=\"\" data-start=\"1007\" data-end=\"1040\">\n<p class=\"\" data-start=\"1009\" data-end=\"1040\"><strong data-start=\"1009\" data-end=\"1029\">Entstehungszeit:<\/strong> ca. 1750<\/p>\n<\/li>\n<li class=\"\" data-start=\"1041\" data-end=\"1072\">\n<p class=\"\" data-start=\"1043\" data-end=\"1072\"><strong data-start=\"1043\" data-end=\"1056\">Material:<\/strong> Massive Eiche<\/p>\n<\/li>\n<li class=\"\" data-start=\"1073\" data-end=\"1118\">\n<p class=\"\" data-start=\"1075\" data-end=\"1118\"><strong data-start=\"1075\" data-end=\"1085\">Farbe:<\/strong> Mittelbraun mit sch\u00f6ner Patina<\/p>\n<\/li>\n<li class=\"\" data-start=\"1119\" data-end=\"1163\">\n<p class=\"\" data-start=\"1121\" data-end=\"1163\"><strong data-start=\"1121\" data-end=\"1135\">Beschl\u00e4ge:<\/strong> Eisen, teilweise original<\/p>\n<\/li>\n<li class=\"\" data-start=\"1164\" data-end=\"1326\">\n<p class=\"\" data-start=\"1166\" data-end=\"1187\"><strong data-start=\"1166\" data-end=\"1185\">Besonderheiten:<\/strong><\/p>\n<ul data-start=\"1190\" data-end=\"1326\">\n<li class=\"\" data-start=\"1190\" data-end=\"1224\">\n<p class=\"\" data-start=\"1192\" data-end=\"1224\">Bastionsf\u00fcllungen in den T\u00fcren<\/p>\n<\/li>\n<li class=\"\" data-start=\"1227\" data-end=\"1249\">\n<p class=\"\" data-start=\"1229\" data-end=\"1249\">Profilierter Kranz<\/p>\n<\/li>\n<li class=\"\" data-start=\"1252\" data-end=\"1285\">\n<p class=\"\" data-start=\"1254\" data-end=\"1285\">Rustikale Handwerksausf\u00fchrung<\/p>\n<\/li>\n<li class=\"\" data-start=\"1288\" data-end=\"1326\">\n<p class=\"\" data-start=\"1290\" data-end=\"1326\">Gut erhalten, wohnfertiger Zustand<\/p>\n<\/li>\n<\/ul>\n<\/li>\n<\/ul>\n<p class=\"\" data-start=\"1328\" data-end=\"1343\"><strong data-start=\"1328\" data-end=\"1343\">Ma\u00dfe:<\/strong><\/p>\n<ul data-start=\"1344\" data-end=\"1407\">\n<li class=\"\" data-start=\"1344\" data-end=\"1366\">\n<p class=\"\" data-start=\"1346\" data-end=\"1366\">Breite: ca. 115 cm<\/p>\n<\/li>\n<li class=\"\" data-start=\"1367\" data-end=\"1386\">\n<p class=\"\" data-start=\"1369\" data-end=\"1386\">H\u00f6he: ca. 90 cm<\/p>\n<\/li>\n<li class=\"\" data-start=\"1387\" data-end=\"1407\">\n<p class=\"\" data-start=\"1389\" data-end=\"1407\">Tiefe: ca. 47 cm<\/p>\n<\/li>\n<\/ul>\n<\/div>\n<\/div>\n<\/div>\n<\/div>\n<\/div>\n<\/div>\n<\/div>\n<\/div>\n<\/article>\n<\/div>\n<\/div>\n<\/div>\n","protected":false},"excerpt":{"rendered":"<p>Barocke Eichen-Anrichte mit Bastionsf\u00fcllungen, um 1750 Beschreibung:Diese au\u00dfergew\u00f6hnliche zweit\u00fcrige Anrichte stammt vermutlich aus der Zeit um 1750 und wurde aus massiver Eiche [&hellip;]<\/p>\n","protected":false},"featured_media":616,"comment_status":"open","ping_status":"closed","template":"","meta":[],"product_brand":[],"product_cat":[23],"product_tag":[],"class_list":["post-615","product","type-product","status-publish","has-post-thumbnail","product_cat-anrichten","first","instock","sale","shipping-taxable","purchasable","product-type-simple"],"jetpack_sharing_enabled":true,"_links":{"self":[{"href":"https:\/\/wocadlo.de\/fw\/wp-json\/wp\/v2\/product\/615","targetHints":{"allow":["GET"]}}],"collection":[{"href":"https:\/\/wocadlo.de\/fw\/wp-json\/wp\/v2\/product"}],"about":[{"href":"https:\/\/wocadlo.de\/fw\/wp-json\/wp\/v2\/types\/product"}],"replies":[{"embeddable":true,"href":"https:\/\/wocadlo.de\/fw\/wp-json\/wp\/v2\/comments?post=615"}],"wp:featuredmedia":[{"embeddable":true,"href":"https:\/\/wocadlo.de\/fw\/wp-json\/wp\/v2\/media\/616"}],"wp:attachment":[{"href":"https:\/\/wocadlo.de\/fw\/wp-json\/wp\/v2\/media?parent=615"}],"wp:term":[{"taxonomy":"product_brand","embeddable":true,"href":"https:\/\/wocadlo.de\/fw\/wp-json\/wp\/v2\/product_brand?post=615"},{"taxonomy":"product_cat","embeddable":true,"href":"https:\/\/wocadlo.de\/fw\/wp-json\/wp\/v2\/product_cat?post=615"},{"taxonomy":"product_tag","embeddable":true,"href":"https:\/\/wocadlo.de\/fw\/wp-json\/wp\/v2\/product_tag?post=615"}],"curies":[{"name":"wp","href":"https:\/\/api.w.org\/{rel}","templated":true}]}}

Zweitürige Barock-Anrichte 1750 in Eiche mit Bastionsfüllungen.

<div class="flex shrink basis-auto flex-col overflow-hidden -mb-(--composer-overlap-px) [--composer-overlap-px:24px] grow">
<div class="@container h-full overflow-y-auto pb-(--composer-overlap-px) [scrollbar-gutter:stable] group-data-stream-active/thread:[overflow-anchor:none]">
<div class="@thread-xl/thread:pt-header-height mt-1.5 flex flex-col text-sm">
<article class="text-token-text-primary w-full" dir="auto" data-testid="conversation-turn-52" data-scroll-anchor="false">
<div class="text-base my-auto mx-auto py-5 [--thread-content-margin:--spacing(4)] @[37rem]:[--thread-content-margin:--spacing(6)] @[70rem]:[--thread-content-margin:--spacing(12)] px-(--thread-content-margin)">
<div class="[--thread-content-max-width:32rem] @[34rem]:[--thread-content-max-width:40rem] @[64rem]:[--thread-content-max-width:48rem] mx-auto flex max-w-(--thread-content-max-width) flex-1 text-base gap-4 md:gap-5 lg:gap-6 group/turn-messages focus-visible:outline-hidden" tabindex="-1">
<div class="group/conversation-turn relative flex w-full min-w-0 flex-col agent-turn">
<div class="relative flex-col gap-1 md:gap-3">
<div class="flex max-w-full flex-col grow">
<div class="min-h-8 text-message relative flex w-full flex-col items-end gap-2 text-start break-words whitespace-normal [.text-message+&amp;]:mt-5" dir="auto" data-message-author-role="assistant" data-message-id="6c37ddc2-5ed9-4918-830a-20b8b420243f" data-message-model-slug="gpt-4o">
<div class="flex w-full flex-col gap-1 empty:hidden first:pt-[3px]">
<div class="markdown prose dark:prose-invert w-full break-words light">
<h3 class="" data-start="346" data-end="419"><strong data-start="353" data-end="419">Barocke Eichen-Anrichte mit Bastionsfüllungen, um 1750</strong></h3>
<p class="" data-start="421" data-end="956"><strong data-start="421" data-end="438">Beschreibung:</strong><br data-start="438" data-end="441" />Diese außergewöhnliche zweitürige Anrichte stammt vermutlich aus der Zeit um <strong data-start="518" data-end="526">1750</strong> und wurde aus <strong data-start="541" data-end="559">massiver Eiche</strong> gefertigt. Sie besticht durch ihre klare, kompakte Form und die für den Barock typischen <strong data-start="649" data-end="670">Bastionsfüllungen</strong> in den Türfeldern – ein Zeichen von hoher Tischlerkunst. Die Türen sind mit originaler alter Schlosstechnik ausgestattet, der Kranz oben dezent profiliert, die Seiten schlicht gehalten. Die Oberfläche zeigt eine schöne altersbedingte Patina mit dem warmen Charakter historischer Eiche.</p>
<p class="" data-start="958" data-end="970"><strong data-start="958" data-end="970">Details:</strong></p>
<ul data-start="971" data-end="1326">
<li class="" data-start="971" data-end="1006">
<p class="" data-start="973" data-end="1006"><strong data-start="973" data-end="984">Epoche:</strong> Barock / Spätbarock</p>
</li>
<li class="" data-start="1007" data-end="1040">
<p class="" data-start="1009" data-end="1040"><strong data-start="1009" data-end="1029">Entstehungszeit:</strong> ca. 1750</p>
</li>
<li class="" data-start="1041" data-end="1072">
<p class="" data-start="1043" data-end="1072"><strong data-start="1043" data-end="1056">Material:</strong> Massive Eiche</p>
</li>
<li class="" data-start="1073" data-end="1118">
<p class="" data-start="1075" data-end="1118"><strong data-start="1075" data-end="1085">Farbe:</strong> Mittelbraun mit schöner Patina</p>
</li>
<li class="" data-start="1119" data-end="1163">
<p class="" data-start="1121" data-end="1163"><strong data-start="1121" data-end="1135">Beschläge:</strong> Eisen, teilweise original</p>
</li>
<li class="" data-start="1164" data-end="1326">
<p class="" data-start="1166" data-end="1187"><strong data-start="1166" data-end="1185">Besonderheiten:</strong></p>
<ul data-start="1190" data-end="1326">
<li class="" data-start="1190" data-end="1224">
<p class="" data-start="1192" data-end="1224">Bastionsfüllungen in den Türen</p>
</li>
<li class="" data-start="1227" data-end="1249">
<p class="" data-start="1229" data-end="1249">Profilierter Kranz</p>
</li>
<li class="" data-start="1252" data-end="1285">
<p class="" data-start="1254" data-end="1285">Rustikale Handwerksausführung</p>
</li>
<li class="" data-start="1288" data-end="1326">
<p class="" data-start="1290" data-end="1326">Gut erhalten, wohnfertiger Zustand</p>
</li>
</ul>
</li>
</ul>
<p class="" data-start="1328" data-end="1343"><strong data-start="1328" data-end="1343">Maße:</strong></p>
<ul data-start="1344" data-end="1407">
<li class="" data-start="1344" data-end="1366">
<p class="" data-start="1346" data-end="1366">Breite: ca. 115 cm</p>
</li>
<li class="" data-start="1367" data-end="1386">
<p class="" data-start="1369" data-end="1386">Höhe: ca. 90 cm</p>
</li>
<li class="" data-start="1387" data-end="1407">
<p class="" data-start="1389" data-end="1407">Tiefe: ca. 47 cm</p>
</li>
</ul>
</div>
</div>
</div>
</div>
</div>
</div>
</div>
</div>
</article>
</div>
</div>
</div>

<p>Barocke Eichen-Anrichte mit Bastionsfüllungen, um 1750 Beschreibung:Diese außergewöhnliche zweitürige Anrichte stammt vermutlich aus der Zeit um 1750 und wurde aus massiver Eiche [&hellip;]</p>
