{"id":857,"date":"2025-04-26T09:48:28","date_gmt":"2025-04-26T07:48:28","guid":{"rendered":"https:\/\/wocadlo.de\/fw\/?post_type=product&#038;p=857"},"modified":"2025-08-11T16:51:27","modified_gmt":"2025-08-11T14:51:27","slug":"eckhaengeschrank-mit-bleiverglasung-1890-1910","status":"publish","type":"product","link":"https:\/\/wocadlo.de\/fw\/produkt\/eckhaengeschrank-mit-bleiverglasung-1890-1910\/","title":{"rendered":"Eckh\u00e4ngeschrank mit Bleiverglasung 1890\u20131910"},"content":{"rendered":"<div class=\"flex shrink basis-auto flex-col overflow-hidden -mb-(--composer-overlap-px) [--composer-overlap-px:24px] grow\">\n<div class=\"relative h-full\">\n<div class=\"flex h-full flex-col overflow-y-auto [scrollbar-gutter:stable] @[84rem]\/thread:pt-(--header-height)\">\n<div class=\"@thread-xl\/thread:pt-header-height mt-1.5 flex flex-col text-sm pb-25\">\n<article class=\"text-token-text-primary w-full\" dir=\"auto\" data-testid=\"conversation-turn-6\" data-scroll-anchor=\"true\">\n<div class=\"text-base my-auto mx-auto py-5 [--thread-content-margin:--spacing(4)] @[37rem]:[--thread-content-margin:--spacing(6)] @[70rem]:[--thread-content-margin:--spacing(12)] px-(--thread-content-margin)\">\n<div class=\"[--thread-content-max-width:32rem] @[34rem]:[--thread-content-max-width:40rem] @[64rem]:[--thread-content-max-width:48rem] mx-auto flex max-w-(--thread-content-max-width) flex-1 text-base gap-4 md:gap-5 lg:gap-6 group\/turn-messages focus-visible:outline-hidden\" tabindex=\"-1\">\n<div class=\"group\/conversation-turn relative flex w-full min-w-0 flex-col agent-turn\">\n<div class=\"relative flex-col gap-1 md:gap-3\">\n<div class=\"flex max-w-full flex-col grow\">\n<div class=\"min-h-8 text-message relative flex w-full flex-col items-end gap-2 text-start break-words whitespace-normal [.text-message+&amp;]:mt-5\" dir=\"auto\" data-message-author-role=\"assistant\" data-message-id=\"92f60490-613b-4478-b505-a5df5fe40a0a\" data-message-model-slug=\"gpt-4o\">\n<div class=\"flex w-full flex-col gap-1 empty:hidden first:pt-[3px]\">\n<div class=\"markdown prose dark:prose-invert w-full break-words light\">\n<p class=\"\" data-start=\"286\" data-end=\"725\">Angeboten wird ein seltener, antiker <strong data-start=\"343\" data-end=\"362\">Eckh\u00e4ngeschrank<\/strong> aus massiver Eiche. Er entstand vermutlich um 1890\u20131910, also zur Zeit des sp\u00e4ten Historismus oder fr\u00fchen Jugendstils. Der Schrank zeigt eine hochwertige Handwerkskunst mit einem ausdrucksvollen, mehrfach profilierten Gesims und einer T\u00fcr mit originaler Bleiverglasung im klassischen Rautenmuster. Das gr\u00fcnliche, leicht wellige Echtglas ist typisch f\u00fcr die Zeit.<\/p>\n<ul data-start=\"727\" data-end=\"1271\">\n<li class=\"\" data-start=\"727\" data-end=\"775\">\n<p class=\"\" data-start=\"729\" data-end=\"775\"><strong data-start=\"729\" data-end=\"742\">Material:<\/strong> Massive Eiche, schwer und stabil<\/p>\n<\/li>\n<li class=\"\" data-start=\"776\" data-end=\"845\">\n<p class=\"\" data-start=\"778\" data-end=\"845\"><strong data-start=\"778\" data-end=\"793\">Verglasung:<\/strong> Historisches, gr\u00fcn get\u00f6ntes Bleiglas (Rautenmuster)<\/p>\n<\/li>\n<li class=\"\" data-start=\"846\" data-end=\"938\">\n<p class=\"\" data-start=\"848\" data-end=\"938\"><strong data-start=\"848\" data-end=\"862\">Beschl\u00e4ge:<\/strong> Schmiedeeiserne Scharniere und Schl\u00fcsselschild<\/p>\n<\/li>\n<li class=\"\" data-start=\"939\" data-end=\"984\">\n<p class=\"\" data-start=\"941\" data-end=\"984\"><strong data-start=\"941\" data-end=\"950\">Stil:<\/strong> \u00dcbergang Historismus \u2192 Jugendstil<\/p>\n<\/li>\n<li class=\"\" data-start=\"985\" data-end=\"1052\">\n<p class=\"\" data-start=\"987\" data-end=\"1052\"><strong data-start=\"987\" data-end=\"1002\">Korpusform:<\/strong> R\u00fcckseitig dreieckig f\u00fcr Wandmontage in Raumecken<\/p>\n<\/li>\n<li class=\"\" data-start=\"1053\" data-end=\"1171\">\n<p class=\"\" data-start=\"1055\" data-end=\"1171\"><strong data-start=\"1055\" data-end=\"1067\">Zustand:<\/strong> Originalzustand mit Patina, kleinere alters\u00fcbliche Gebrauchsspuren (Staub, kleine Kratzer); sehr solide<\/p>\n<\/li>\n<li class=\"\" data-start=\"1172\" data-end=\"1271\">\n<p class=\"\" data-start=\"1174\" data-end=\"1271\"><strong data-start=\"1174\" data-end=\"1183\">Ma\u00dfe:<\/strong> Vorderkante ca. 60\u202fcm breit, H\u00f6he ca. 75\u202fcm, Tiefe in die Ecke ca. 40\u201345\u202fcm<\/p>\n<\/li>\n<\/ul>\n<p class=\"\" data-start=\"1273\" data-end=\"1294\"><strong data-start=\"1273\" data-end=\"1292\">Besonderheiten:<\/strong><\/p>\n<ul data-start=\"1295\" data-end=\"1551\">\n<li class=\"\" data-start=\"1295\" data-end=\"1356\">\n<p class=\"\" data-start=\"1297\" data-end=\"1356\">Eckschr\u00e4nke mit Bleiverglasung sind vergleichsweise selten.<\/p>\n<\/li>\n<li class=\"\" data-start=\"1357\" data-end=\"1418\">\n<p class=\"\" data-start=\"1359\" data-end=\"1418\">Sch\u00f6n ausgepr\u00e4gte Holzmaserung und hochwertiges Massivholz.<\/p>\n<\/li>\n<li class=\"\" data-start=\"1419\" data-end=\"1479\">\n<p class=\"\" data-start=\"1421\" data-end=\"1479\">Zeittypisches leicht welliges Glas \u2013 kein moderner Ersatz.<\/p>\n<\/li>\n<li class=\"\" data-start=\"1480\" data-end=\"1551\">\n<p class=\"\" data-start=\"1482\" data-end=\"1551\">Vielseitig einsetzbar, z.\u202fB. als Flur-, K\u00fcchen- oder Wohnzimmerm\u00f6bel.<\/p>\n<\/li>\n<\/ul>\n<\/div>\n<\/div>\n<\/div>\n<\/div>\n<\/div>\n<\/div>\n<\/div>\n<\/div>\n<\/article>\n<\/div>\n<\/div>\n<\/div>\n<\/div>\n","protected":false},"excerpt":{"rendered":"<p>Angeboten wird ein seltener, antiker Eckh\u00e4ngeschrank aus massiver Eiche. Er entstand vermutlich um 1890\u20131910, also zur Zeit des sp\u00e4ten Historismus oder fr\u00fchen [&hellip;]<\/p>\n","protected":false},"featured_media":858,"comment_status":"open","ping_status":"closed","template":"","meta":[],"product_brand":[],"product_cat":[17],"product_tag":[],"class_list":["post-857","product","type-product","status-publish","has-post-thumbnail","product_cat-schraenke","first","instock","sale","shipping-taxable","purchasable","product-type-simple"],"jetpack_sharing_enabled":true,"_links":{"self":[{"href":"https:\/\/wocadlo.de\/fw\/wp-json\/wp\/v2\/product\/857","targetHints":{"allow":["GET"]}}],"collection":[{"href":"https:\/\/wocadlo.de\/fw\/wp-json\/wp\/v2\/product"}],"about":[{"href":"https:\/\/wocadlo.de\/fw\/wp-json\/wp\/v2\/types\/product"}],"replies":[{"embeddable":true,"href":"https:\/\/wocadlo.de\/fw\/wp-json\/wp\/v2\/comments?post=857"}],"wp:featuredmedia":[{"embeddable":true,"href":"https:\/\/wocadlo.de\/fw\/wp-json\/wp\/v2\/media\/858"}],"wp:attachment":[{"href":"https:\/\/wocadlo.de\/fw\/wp-json\/wp\/v2\/media?parent=857"}],"wp:term":[{"taxonomy":"product_brand","embeddable":true,"href":"https:\/\/wocadlo.de\/fw\/wp-json\/wp\/v2\/product_brand?post=857"},{"taxonomy":"product_cat","embeddable":true,"href":"https:\/\/wocadlo.de\/fw\/wp-json\/wp\/v2\/product_cat?post=857"},{"taxonomy":"product_tag","embeddable":true,"href":"https:\/\/wocadlo.de\/fw\/wp-json\/wp\/v2\/product_tag?post=857"}],"curies":[{"name":"wp","href":"https:\/\/api.w.org\/{rel}","templated":true}]}}

Eckhängeschrank mit Bleiverglasung 1890–1910

<div class="flex shrink basis-auto flex-col overflow-hidden -mb-(--composer-overlap-px) [--composer-overlap-px:24px] grow">
<div class="relative h-full">
<div class="flex h-full flex-col overflow-y-auto [scrollbar-gutter:stable] @[84rem]/thread:pt-(--header-height)">
<div class="@thread-xl/thread:pt-header-height mt-1.5 flex flex-col text-sm pb-25">
<article class="text-token-text-primary w-full" dir="auto" data-testid="conversation-turn-6" data-scroll-anchor="true">
<div class="text-base my-auto mx-auto py-5 [--thread-content-margin:--spacing(4)] @[37rem]:[--thread-content-margin:--spacing(6)] @[70rem]:[--thread-content-margin:--spacing(12)] px-(--thread-content-margin)">
<div class="[--thread-content-max-width:32rem] @[34rem]:[--thread-content-max-width:40rem] @[64rem]:[--thread-content-max-width:48rem] mx-auto flex max-w-(--thread-content-max-width) flex-1 text-base gap-4 md:gap-5 lg:gap-6 group/turn-messages focus-visible:outline-hidden" tabindex="-1">
<div class="group/conversation-turn relative flex w-full min-w-0 flex-col agent-turn">
<div class="relative flex-col gap-1 md:gap-3">
<div class="flex max-w-full flex-col grow">
<div class="min-h-8 text-message relative flex w-full flex-col items-end gap-2 text-start break-words whitespace-normal [.text-message+&amp;]:mt-5" dir="auto" data-message-author-role="assistant" data-message-id="92f60490-613b-4478-b505-a5df5fe40a0a" data-message-model-slug="gpt-4o">
<div class="flex w-full flex-col gap-1 empty:hidden first:pt-[3px]">
<div class="markdown prose dark:prose-invert w-full break-words light">
<p class="" data-start="286" data-end="725">Angeboten wird ein seltener, antiker <strong data-start="343" data-end="362">Eckhängeschrank</strong> aus massiver Eiche. Er entstand vermutlich um 1890–1910, also zur Zeit des späten Historismus oder frühen Jugendstils. Der Schrank zeigt eine hochwertige Handwerkskunst mit einem ausdrucksvollen, mehrfach profilierten Gesims und einer Tür mit originaler Bleiverglasung im klassischen Rautenmuster. Das grünliche, leicht wellige Echtglas ist typisch für die Zeit.</p>
<ul data-start="727" data-end="1271">
<li class="" data-start="727" data-end="775">
<p class="" data-start="729" data-end="775"><strong data-start="729" data-end="742">Material:</strong> Massive Eiche, schwer und stabil</p>
</li>
<li class="" data-start="776" data-end="845">
<p class="" data-start="778" data-end="845"><strong data-start="778" data-end="793">Verglasung:</strong> Historisches, grün getöntes Bleiglas (Rautenmuster)</p>
</li>
<li class="" data-start="846" data-end="938">
<p class="" data-start="848" data-end="938"><strong data-start="848" data-end="862">Beschläge:</strong> Schmiedeeiserne Scharniere und Schlüsselschild</p>
</li>
<li class="" data-start="939" data-end="984">
<p class="" data-start="941" data-end="984"><strong data-start="941" data-end="950">Stil:</strong> Übergang Historismus → Jugendstil</p>
</li>
<li class="" data-start="985" data-end="1052">
<p class="" data-start="987" data-end="1052"><strong data-start="987" data-end="1002">Korpusform:</strong> Rückseitig dreieckig für Wandmontage in Raumecken</p>
</li>
<li class="" data-start="1053" data-end="1171">
<p class="" data-start="1055" data-end="1171"><strong data-start="1055" data-end="1067">Zustand:</strong> Originalzustand mit Patina, kleinere altersübliche Gebrauchsspuren (Staub, kleine Kratzer); sehr solide</p>
</li>
<li class="" data-start="1172" data-end="1271">
<p class="" data-start="1174" data-end="1271"><strong data-start="1174" data-end="1183">Maße:</strong> Vorderkante ca. 60 cm breit, Höhe ca. 75 cm, Tiefe in die Ecke ca. 40–45 cm</p>
</li>
</ul>
<p class="" data-start="1273" data-end="1294"><strong data-start="1273" data-end="1292">Besonderheiten:</strong></p>
<ul data-start="1295" data-end="1551">
<li class="" data-start="1295" data-end="1356">
<p class="" data-start="1297" data-end="1356">Eckschränke mit Bleiverglasung sind vergleichsweise selten.</p>
</li>
<li class="" data-start="1357" data-end="1418">
<p class="" data-start="1359" data-end="1418">Schön ausgeprägte Holzmaserung und hochwertiges Massivholz.</p>
</li>
<li class="" data-start="1419" data-end="1479">
<p class="" data-start="1421" data-end="1479">Zeittypisches leicht welliges Glas – kein moderner Ersatz.</p>
</li>
<li class="" data-start="1480" data-end="1551">
<p class="" data-start="1482" data-end="1551">Vielseitig einsetzbar, z. B. als Flur-, Küchen- oder Wohnzimmermöbel.</p>
</li>
</ul>
</div>
</div>
</div>
</div>
</div>
</div>
</div>
</div>
</article>
</div>
</div>
</div>
</div>

<p>Angeboten wird ein seltener, antiker Eckhängeschrank aus massiver Eiche. Er entstand vermutlich um 1890–1910, also zur Zeit des späten Historismus oder frühen [&hellip;]</p>
