{"id":953,"date":"2025-08-27T22:40:42","date_gmt":"2025-08-27T20:40:42","guid":{"rendered":"https:\/\/wocadlo.de\/fw\/?post_type=product&#038;p=953"},"modified":"2025-08-27T22:56:54","modified_gmt":"2025-08-27T20:56:54","slug":"zweitueriger-renaissance-schrank-aus-eiche-zweiteilig-1580-1620","status":"publish","type":"product","link":"https:\/\/wocadlo.de\/fw\/produkt\/zweitueriger-renaissance-schrank-aus-eiche-zweiteilig-1580-1620\/","title":{"rendered":"Zweit\u00fcriger Renaissance-Schrank aus Eiche, zweiteilig 1580 &#8211; 1620"},"content":{"rendered":"<p>Dieser Schrank stand die letzten Jahrzehnte in einer Arztpraxis!<\/p>\n<p>Zweit\u00fcriger Renaissance-Schrank aus Eiche, zweiteilig<br \/>\nEntstehungszeit: Ende 16. bis fr\u00fches 17. Jahrhundert (ca. 1580\u20131620)<br \/>\nHolzart: massive Eiche<br \/>\nBauweise: zweiteilig (zerlegbar in Rechts- und Linksteil)<br \/>\n________________________________________<br \/>\nBeschreibung<br \/>\nDer repr\u00e4sentative Renaissance-Schrank zeigt eine klassische, streng gegliederte Front mit kassettierten F\u00fcllungen in profilierter Rahmung. Besonders hervorzuheben sind die reich gearbeiteten Bastionsf\u00fcllungen mit mehrfach abgestuften Profilen, die dem Schrank eine plastische Tiefe verleihen.<br \/>\nDie originale Oberfl\u00e4che ist unbehandelt belassen, wodurch die sch\u00f6ne Eichenmaserung sichtbar bleibt. Die geschmiedeten Eisen-Beschl\u00e4ge und Schl\u00f6sser stammen aus der Zeit.<br \/>\nDie zweit\u00fcrige Ausf\u00fchrung in zweiteiliger Bauweise (zerlegbar) verweist auf eine gehobene handwerkliche Qualit\u00e4t und macht den Schrank trotz seiner Gr\u00f6\u00dfe transportabel. Der Schrank besitzt unten zwei breite Sockelschubladen, was die typische Renaissance-Gliederung unterstreicht.<br \/>\n________________________________________<br \/>\nZustand<br \/>\n\u2022 Altersentsprechende Gebrauchsspuren und Trocknungsrisse<br \/>\n\u2022 Kleinere Ausbr\u00fcche an den Profilierungen<br \/>\n\u2022 Eisenbeschl\u00e4ge original<br \/>\n\u2022 Grundsubstanz sehr solide, Holz stabil<br \/>\n\u2022 Restaurierungsbed\u00fcrftig im Detail (Oberfl\u00e4chenbehandlung, kleinere Reparaturen)<br \/>\n________________________________________<br \/>\nMa\u00dfe (ca.)<br \/>\nH\u00f6he: 200 cm<br \/>\nBreite: 180 cm<br \/>\nTiefe: 70 cm<br \/>\n________________________________________<br \/>\nKunsthistorische Einordnung<br \/>\nSolche Renaissance-Schr\u00e4nke aus massiver Eiche stammen h\u00e4ufig aus Mitteldeutschland (Franken, Hessen, Th\u00fcringen) und dienten wohlhabenden B\u00fcrger- oder Patrizierhaushalten als repr\u00e4sentatives Aufbewahrungsm\u00f6bel. Die aufw\u00e4ndig gearbeiteten Bastionsf\u00fcllungen sind ein typisches Stilelement der deutschen Renaissance und wurden bis ins fr\u00fche 17. Jahrhundert gefertigt.<\/p>\n","protected":false},"excerpt":{"rendered":"<p>Dieser Schrank stand die letzten Jahrzehnte in einer Arztpraxis! Zweit\u00fcriger Renaissance-Schrank aus Eiche, zweiteilig Entstehungszeit: Ende 16. bis fr\u00fches 17. Jahrhundert (ca. [&hellip;]<\/p>\n","protected":false},"featured_media":954,"comment_status":"open","ping_status":"closed","template":"","meta":[],"product_brand":[],"product_cat":[17],"product_tag":[],"class_list":["post-953","product","type-product","status-publish","has-post-thumbnail","product_cat-schraenke","first","instock","sale","shipping-taxable","purchasable","product-type-simple"],"jetpack_sharing_enabled":true,"_links":{"self":[{"href":"https:\/\/wocadlo.de\/fw\/wp-json\/wp\/v2\/product\/953","targetHints":{"allow":["GET"]}}],"collection":[{"href":"https:\/\/wocadlo.de\/fw\/wp-json\/wp\/v2\/product"}],"about":[{"href":"https:\/\/wocadlo.de\/fw\/wp-json\/wp\/v2\/types\/product"}],"replies":[{"embeddable":true,"href":"https:\/\/wocadlo.de\/fw\/wp-json\/wp\/v2\/comments?post=953"}],"wp:featuredmedia":[{"embeddable":true,"href":"https:\/\/wocadlo.de\/fw\/wp-json\/wp\/v2\/media\/954"}],"wp:attachment":[{"href":"https:\/\/wocadlo.de\/fw\/wp-json\/wp\/v2\/media?parent=953"}],"wp:term":[{"taxonomy":"product_brand","embeddable":true,"href":"https:\/\/wocadlo.de\/fw\/wp-json\/wp\/v2\/product_brand?post=953"},{"taxonomy":"product_cat","embeddable":true,"href":"https:\/\/wocadlo.de\/fw\/wp-json\/wp\/v2\/product_cat?post=953"},{"taxonomy":"product_tag","embeddable":true,"href":"https:\/\/wocadlo.de\/fw\/wp-json\/wp\/v2\/product_tag?post=953"}],"curies":[{"name":"wp","href":"https:\/\/api.w.org\/{rel}","templated":true}]}}

Zweitüriger Renaissance-Schrank aus Eiche, zweiteilig 1580 &#8211; 1620

<p>Dieser Schrank stand die letzten Jahrzehnte in einer Arztpraxis!</p>
<p>Zweitüriger Renaissance-Schrank aus Eiche, zweiteilig<br />
Entstehungszeit: Ende 16. bis frühes 17. Jahrhundert (ca. 1580–1620)<br />
Holzart: massive Eiche<br />
Bauweise: zweiteilig (zerlegbar in Rechts- und Linksteil)<br />
________________________________________<br />
Beschreibung<br />
Der repräsentative Renaissance-Schrank zeigt eine klassische, streng gegliederte Front mit kassettierten Füllungen in profilierter Rahmung. Besonders hervorzuheben sind die reich gearbeiteten Bastionsfüllungen mit mehrfach abgestuften Profilen, die dem Schrank eine plastische Tiefe verleihen.<br />
Die originale Oberfläche ist unbehandelt belassen, wodurch die schöne Eichenmaserung sichtbar bleibt. Die geschmiedeten Eisen-Beschläge und Schlösser stammen aus der Zeit.<br />
Die zweitürige Ausführung in zweiteiliger Bauweise (zerlegbar) verweist auf eine gehobene handwerkliche Qualität und macht den Schrank trotz seiner Größe transportabel. Der Schrank besitzt unten zwei breite Sockelschubladen, was die typische Renaissance-Gliederung unterstreicht.<br />
________________________________________<br />
Zustand<br />
• Altersentsprechende Gebrauchsspuren und Trocknungsrisse<br />
• Kleinere Ausbrüche an den Profilierungen<br />
• Eisenbeschläge original<br />
• Grundsubstanz sehr solide, Holz stabil<br />
• Restaurierungsbedürftig im Detail (Oberflächenbehandlung, kleinere Reparaturen)<br />
________________________________________<br />
Maße (ca.)<br />
Höhe: 200 cm<br />
Breite: 180 cm<br />
Tiefe: 70 cm<br />
________________________________________<br />
Kunsthistorische Einordnung<br />
Solche Renaissance-Schränke aus massiver Eiche stammen häufig aus Mitteldeutschland (Franken, Hessen, Thüringen) und dienten wohlhabenden Bürger- oder Patrizierhaushalten als repräsentatives Aufbewahrungsmöbel. Die aufwändig gearbeiteten Bastionsfüllungen sind ein typisches Stilelement der deutschen Renaissance und wurden bis ins frühe 17. Jahrhundert gefertigt.</p>

<p>Dieser Schrank stand die letzten Jahrzehnte in einer Arztpraxis! Zweitüriger Renaissance-Schrank aus Eiche, zweiteilig Entstehungszeit: Ende 16. bis frühes 17. Jahrhundert (ca. [&hellip;]</p>
