{"id":4499,"date":"2024-02-14T21:41:24","date_gmt":"2024-02-14T20:41:24","guid":{"rendered":"https:\/\/wocadlo.de\/termine\/?post_type=tribe_events&#038;p=4499"},"modified":"2024-04-27T12:54:28","modified_gmt":"2024-04-27T10:54:28","slug":"pferde-planwagenfahrt-zum-skywalk-willingen","status":"publish","type":"tribe_events","link":"https:\/\/wocadlo.de\/termine\/event\/pferde-planwagenfahrt-zum-skywalk-willingen\/","title":{"rendered":"Pferde-Planwagenfahrt zum Skywalk Willingen &#8211; 26 Personen"},"content":{"rendered":"<p><strong>Pferde-Planwagenfahrt zum Skywalk Willingen am 04. Mai 2024<\/strong><\/p>\n<p><strong>Ablauf:<\/strong><\/p>\n<p><strong>10:45 Uhr:<\/strong> Begr\u00fc\u00dfung am Parkplatz \u201eAm Schneppelnberg 2, 34508 Willingen \/ Usseln\u201c<\/p>\n<p><strong>11:00 Uhr:<\/strong> Abfahrt mit zwei Pferde-Planwagen durch die Wald- und Heidegebiete mit Fernsicht \u00fcber das Willinger Upland und das Sauerland zum Skywalk Willingen.<\/p>\n<p><strong>11:20 Uhr:<\/strong> Erster Halt mit Holzs\u00e4gewettbewerb.<\/p>\n<p><strong>11:40 Uhr:<\/strong> Weiterfahrt zum Musenberg (300 Meter vom Eingang zum Skywalk entfernt).<\/p>\n<p><strong>13:00 Uhr:<\/strong> Gef\u00fchrte Tour \u00fcber den Skywalk Willingen.<\/p>\n<p><strong>13:45 Uhr:<\/strong> Rustikale Brotzeit mit K\u00e4se am St\u00fcck, Skispringersalamie, Bierbei\u00dfer, Brot, Br\u00f6tchen, Jagdwurst und Gew\u00fcrzgurken.<\/p>\n<p><strong>14:15 Uhr:<\/strong> Weiterfahrt durch das Naturschutzgebiet Kahler P\u00f6n.<\/p>\n<p><strong>14:30 Uhr:<\/strong> Kurze Rast an der Diemelquelle.<\/p>\n<p><strong>14:45 Uhr:<\/strong> Weiterfahrt zur Endstation zum Hof der Wilke-M\u00fchle in Usseln.<\/p>\n<p><strong>15:00 Uhr:<\/strong> Ankunft in Usseln und Ende der Planwagenfahrt<br \/>\nin der <strong>Wilke M\u00fchle, <\/strong>M\u00fchlenweg 9, 34508 Willingen (Upland) &#8211; Usseln<\/p>\n","protected":false},"excerpt":{"rendered":"<p>Pferde-Planwagenfahrt zum Skywalk Willingen am 04. Mai 2024 Ablauf: 10:45 Uhr: Begr\u00fc\u00dfung am Parkplatz \u201eAm Schneppelnberg 2, 34508 Willingen \/ Usseln\u201c 11:00 [&hellip;]<\/p>\n","protected":false},"author":1,"featured_media":4503,"template":"","meta":{"_tribe_events_status":"","_tribe_events_status_reason":"","footnotes":""},"tags":[],"tribe_events_cat":[],"class_list":["post-4499","tribe_events","type-tribe_events","status-publish","has-post-thumbnail","hentry"],"_links":{"self":[{"href":"https:\/\/wocadlo.de\/termine\/wp-json\/wp\/v2\/tribe_events\/4499","targetHints":{"allow":["GET"]}}],"collection":[{"href":"https:\/\/wocadlo.de\/termine\/wp-json\/wp\/v2\/tribe_events"}],"about":[{"href":"https:\/\/wocadlo.de\/termine\/wp-json\/wp\/v2\/types\/tribe_events"}],"author":[{"embeddable":true,"href":"https:\/\/wocadlo.de\/termine\/wp-json\/wp\/v2\/users\/1"}],"version-history":[{"count":5,"href":"https:\/\/wocadlo.de\/termine\/wp-json\/wp\/v2\/tribe_events\/4499\/revisions"}],"predecessor-version":[{"id":4639,"href":"https:\/\/wocadlo.de\/termine\/wp-json\/wp\/v2\/tribe_events\/4499\/revisions\/4639"}],"wp:featuredmedia":[{"embeddable":true,"href":"https:\/\/wocadlo.de\/termine\/wp-json\/wp\/v2\/media\/4503"}],"wp:attachment":[{"href":"https:\/\/wocadlo.de\/termine\/wp-json\/wp\/v2\/media?parent=4499"}],"wp:term":[{"taxonomy":"post_tag","embeddable":true,"href":"https:\/\/wocadlo.de\/termine\/wp-json\/wp\/v2\/tags?post=4499"},{"taxonomy":"tribe_events_cat","embeddable":true,"href":"https:\/\/wocadlo.de\/termine\/wp-json\/wp\/v2\/tribe_events_cat?post=4499"}],"curies":[{"name":"wp","href":"https:\/\/api.w.org\/{rel}","templated":true}]}}

<p><strong>Pferde-Planwagenfahrt zum Skywalk Willingen am 04. Mai 2024</strong></p>
<p><strong>Ablauf:</strong></p>
<p><strong>10:45 Uhr:</strong> Begrüßung am Parkplatz „Am Schneppelnberg 2, 34508 Willingen / Usseln“</p>
<p><strong>11:00 Uhr:</strong> Abfahrt mit zwei Pferde-Planwagen durch die Wald- und Heidegebiete mit Fernsicht über das Willinger Upland und das Sauerland zum Skywalk Willingen.</p>
<p><strong>11:20 Uhr:</strong> Erster Halt mit Holzsägewettbewerb.</p>
<p><strong>11:40 Uhr:</strong> Weiterfahrt zum Musenberg (300 Meter vom Eingang zum Skywalk entfernt).</p>
<p><strong>13:00 Uhr:</strong> Geführte Tour über den Skywalk Willingen.</p>
<p><strong>13:45 Uhr:</strong> Rustikale Brotzeit mit Käse am Stück, Skispringersalamie, Bierbeißer, Brot, Brötchen, Jagdwurst und Gewürzgurken.</p>
<p><strong>14:15 Uhr:</strong> Weiterfahrt durch das Naturschutzgebiet Kahler Pön.</p>
<p><strong>14:30 Uhr:</strong> Kurze Rast an der Diemelquelle.</p>
<p><strong>14:45 Uhr:</strong> Weiterfahrt zur Endstation zum Hof der Wilke-Mühle in Usseln.</p>
<p><strong>15:00 Uhr:</strong> Ankunft in Usseln und Ende der Planwagenfahrt<br />
in der <strong>Wilke Mühle, </strong>Mühlenweg 9, 34508 Willingen (Upland) &#8211; Usseln</p>

<p>Pferde-Planwagenfahrt zum Skywalk Willingen am 04. Mai 2024 Ablauf: 10:45 Uhr: Begrüßung am Parkplatz „Am Schneppelnberg 2, 34508 Willingen / Usseln“ 11:00 [&hellip;]</p>
