{"id":4616,"date":"2023-08-21T22:01:07","date_gmt":"2023-08-21T20:01:07","guid":{"rendered":"https:\/\/wocadlo.de\/termine\/?post_type=tribe_events&#038;p=4616"},"modified":"2024-06-10T14:54:27","modified_gmt":"2024-06-10T12:54:27","slug":"segwaytour-edersee-nationalparkzentrum-kellerwald-himmelsbreite-sonne","status":"publish","type":"tribe_events","link":"https:\/\/wocadlo.de\/termine\/event\/segwaytour-edersee-nationalparkzentrum-kellerwald-himmelsbreite-sonne\/","title":{"rendered":"Segwaytour Edersee NationalparkZentrum Kellerwald Himmelsbreite &#8211; 12 Personen"},"content":{"rendered":"<p><strong>Geplanter Ablauf:<\/strong><\/p>\n<p>9:30 Uhr \u2013 <strong>Begr\u00fc\u00dfung der G\u00e4ste im Hotel \u201eDie Sonne Frankenberg\u201c anschlie\u00dfend gehen wir gemeinsam zur DB Haltestelle Go\u00dfberg, Frankenberg (Eder)<\/strong><\/p>\n<p>10:19 Uhr \u2013 10:45 Uhr\u00a0 &#8211; <strong>Fahrt mit der Bahn nach Herzhausen zum Nationalparkbahnhof<\/strong><\/p>\n<p>10:45 Uhr \u2013 \u00a014:14 Uhr &#8211; <strong>Segwaytour Edersee NationalparkZentrum Kellerwald Himmelsbreite. <\/strong><\/p>\n<p>Sie fahren mit dem Segway vom Parkplatz des Nationalparkbahnhof zum NationalparkZentrum Kellerwald weiter zum Nationalparkeingang Himmelsbreite. Dort sehen Sie bei einem Fu\u00dfmarsch die werdende Wildnis, das hei\u00dft Natur, die sich jetzt ohne menschliche Einfl\u00fcsse entwickeln kann. Danach fahren Sie mit dem Segway\u00ae Richtung Harbshausen \u2013 mit Blick auf den Edersee \u2013 und zur\u00fcck zum Nationalpark- Zentrum Kellerwald. Es erwartet Sie eine abenteuerliche Tour mit vielen Geschichten \u00fcber den Edersee und den <a href=\"https:\/\/nationalpark-kellerwald-edersee.de\/\">Nationalpark Kellerwald-Edersee<\/a>.<br \/>\nInfos: <a href=\"https:\/\/segytour.de\/segway-edersee-himmelsbreite\/\">https:\/\/segytour.de\/segway-edersee-himmelsbreite\/<\/a><\/p>\n<p>14:14 Uhr \u2013 14:35 Uhr &#8211; <strong>R\u00fcckfahrt mit der Bahn ab Herzhausen Nationalparkbahnhof zur DB Haltestelle Go\u00dfberg<\/strong><\/p>\n","protected":false},"excerpt":{"rendered":"<p>Geplanter Ablauf: 9:30 Uhr \u2013 Begr\u00fc\u00dfung der G\u00e4ste im Hotel \u201eDie Sonne Frankenberg\u201c anschlie\u00dfend gehen wir gemeinsam zur DB Haltestelle Go\u00dfberg, Frankenberg [&hellip;]<\/p>\n","protected":false},"author":1,"featured_media":3747,"template":"","meta":{"_tribe_events_status":"","_tribe_events_status_reason":"","footnotes":""},"tags":[],"tribe_events_cat":[],"class_list":["post-4616","tribe_events","type-tribe_events","status-publish","has-post-thumbnail","hentry"],"_links":{"self":[{"href":"https:\/\/wocadlo.de\/termine\/wp-json\/wp\/v2\/tribe_events\/4616","targetHints":{"allow":["GET"]}}],"collection":[{"href":"https:\/\/wocadlo.de\/termine\/wp-json\/wp\/v2\/tribe_events"}],"about":[{"href":"https:\/\/wocadlo.de\/termine\/wp-json\/wp\/v2\/types\/tribe_events"}],"author":[{"embeddable":true,"href":"https:\/\/wocadlo.de\/termine\/wp-json\/wp\/v2\/users\/1"}],"version-history":[{"count":4,"href":"https:\/\/wocadlo.de\/termine\/wp-json\/wp\/v2\/tribe_events\/4616\/revisions"}],"predecessor-version":[{"id":4764,"href":"https:\/\/wocadlo.de\/termine\/wp-json\/wp\/v2\/tribe_events\/4616\/revisions\/4764"}],"wp:featuredmedia":[{"embeddable":true,"href":"https:\/\/wocadlo.de\/termine\/wp-json\/wp\/v2\/media\/3747"}],"wp:attachment":[{"href":"https:\/\/wocadlo.de\/termine\/wp-json\/wp\/v2\/media?parent=4616"}],"wp:term":[{"taxonomy":"post_tag","embeddable":true,"href":"https:\/\/wocadlo.de\/termine\/wp-json\/wp\/v2\/tags?post=4616"},{"taxonomy":"tribe_events_cat","embeddable":true,"href":"https:\/\/wocadlo.de\/termine\/wp-json\/wp\/v2\/tribe_events_cat?post=4616"}],"curies":[{"name":"wp","href":"https:\/\/api.w.org\/{rel}","templated":true}]}}

<p><strong>Geplanter Ablauf:</strong></p>
<p>9:30 Uhr – <strong>Begrüßung der Gäste im Hotel „Die Sonne Frankenberg“ anschließend gehen wir gemeinsam zur DB Haltestelle Goßberg, Frankenberg (Eder)</strong></p>
<p>10:19 Uhr – 10:45 Uhr  &#8211; <strong>Fahrt mit der Bahn nach Herzhausen zum Nationalparkbahnhof</strong></p>
<p>10:45 Uhr –  14:14 Uhr &#8211; <strong>Segwaytour Edersee NationalparkZentrum Kellerwald Himmelsbreite. </strong></p>
<p>Sie fahren mit dem Segway vom Parkplatz des Nationalparkbahnhof zum NationalparkZentrum Kellerwald weiter zum Nationalparkeingang Himmelsbreite. Dort sehen Sie bei einem Fußmarsch die werdende Wildnis, das heißt Natur, die sich jetzt ohne menschliche Einflüsse entwickeln kann. Danach fahren Sie mit dem Segway® Richtung Harbshausen – mit Blick auf den Edersee – und zurück zum Nationalpark- Zentrum Kellerwald. Es erwartet Sie eine abenteuerliche Tour mit vielen Geschichten über den Edersee und den <a href="https://nationalpark-kellerwald-edersee.de/">Nationalpark Kellerwald-Edersee</a>.<br />
Infos: <a href="https://segytour.de/segway-edersee-himmelsbreite/">https://segytour.de/segway-edersee-himmelsbreite/</a></p>
<p>14:14 Uhr – 14:35 Uhr &#8211; <strong>Rückfahrt mit der Bahn ab Herzhausen Nationalparkbahnhof zur DB Haltestelle Goßberg</strong></p>

<p>Geplanter Ablauf: 9:30 Uhr – Begrüßung der Gäste im Hotel „Die Sonne Frankenberg“ anschließend gehen wir gemeinsam zur DB Haltestelle Goßberg, Frankenberg [&hellip;]</p>
